{"version":"1.0","provider_name":"WELEM","provider_url":"https:\/\/welem.com\/enr","author_name":"Webmaster WELEM","author_url":"https:\/\/welem.com\/enr\/author\/webmaster\/","title":"Impact COVID-19 - WELEM","type":"rich","width":600,"height":338,"html":"<blockquote class=\"wp-embedded-content\" data-secret=\"5LTvMHxcyG\"><a href=\"https:\/\/welem.com\/enr\/newsletter\/35826\/\">Impact COVID-19<\/a><\/blockquote><iframe sandbox=\"allow-scripts\" security=\"restricted\" src=\"https:\/\/welem.com\/enr\/newsletter\/35826\/embed\/#?secret=5LTvMHxcyG\" width=\"600\" height=\"338\" title=\"\u00ab\u00a0Impact COVID-19\u00a0\u00bb &#8212; WELEM\" data-secret=\"5LTvMHxcyG\" frameborder=\"0\" marginwidth=\"0\" marginheight=\"0\" scrolling=\"no\" class=\"wp-embedded-content\"><\/iframe><script type=\"text\/javascript\">\n\/* <![CDATA[ *\/\n\/*! This file is auto-generated *\/\n!function(d,l){\"use strict\";l.querySelector&&d.addEventListener&&\"undefined\"!=typeof URL&&(d.wp=d.wp||{},d.wp.receiveEmbedMessage||(d.wp.receiveEmbedMessage=function(e){var t=e.data;if((t||t.secret||t.message||t.value)&&!\/[^a-zA-Z0-9]\/.test(t.secret)){for(var s,r,n,a=l.querySelectorAll('iframe[data-secret=\"'+t.secret+'\"]'),o=l.querySelectorAll('blockquote[data-secret=\"'+t.secret+'\"]'),c=new RegExp(\"^https?:$\",\"i\"),i=0;i<o.length;i++)o[i].style.display=\"none\";for(i=0;i<a.length;i++)s=a[i],e.source===s.contentWindow&&(s.removeAttribute(\"style\"),\"height\"===t.message?(1e3<(r=parseInt(t.value,10))?r=1e3:~~r<200&&(r=200),s.height=r):\"link\"===t.message&&(r=new URL(s.getAttribute(\"src\")),n=new URL(t.value),c.test(n.protocol))&&n.host===r.host&&l.activeElement===s&&(d.top.location.href=t.value))}},d.addEventListener(\"message\",d.wp.receiveEmbedMessage,!1),l.addEventListener(\"DOMContentLoaded\",function(){for(var e,t,s=l.querySelectorAll(\"iframe.wp-embedded-content\"),r=0;r<s.length;r++)(t=(e=s[r]).getAttribute(\"data-secret\"))||(t=Math.random().toString(36).substring(2,12),e.src+=\"#?secret=\"+t,e.setAttribute(\"data-secret\",t)),e.contentWindow.postMessage({message:\"ready\",secret:t},\"*\")},!1)))}(window,document);\n\/\/# sourceURL=https:\/\/welem.com\/enr\/wp-includes\/js\/wp-embed.min.js\n\/* ]]> *\/\n<\/script>\n","description":"{preheader}  {webversion} | {unsub} | {profile} [logoWelemBoisEtSolaire] [1] {subject} IMPACT COVID-19 Chers clients, Comme vous le savez, la situation relative \u00e0 l\u2019\u00e9pid\u00e9mie de Coronavirus (COVID-19) s\u2019est aggrav\u00e9e de mani\u00e8re significative ces derniers jours et un certain nombre de mesures administratives d\u00e9cid\u00e9es par les autorit\u00e9s impactent nos activit\u00e9s professionnelles. Pour vous prot\u00e9ger et prot\u00e9ger nos salari\u00e9s, nous prenons les mesures suivantes : - Le magasin 3 rue Beaumanoir sera ferm\u00e9 jusqu\u2019\u00e0 nouvel ordre - Pas de d\u00e9placements ou interventions de d\u00e9pannage sur le site des clients. Ils seront remplac\u00e9s par des interventions \u00e0 distance, dans la mesure du possible et ce jusqu\u2019\u00e0 nouvel ordre. - Tous les entretiens et ramonages pr\u00e9vus dans les 15 jours \u00e0 venir sont, de ce fait, \u00a0annul\u00e9s. Nous reprendrons contact avec vous d\u00e8s que ces interventions seront de nouveau possibles dans le respect et protection de chacun. Notre \u00e9quipe reste disponible pour : * Un support technique par t\u00e9l\u00e9phone pour du d\u00e9pannage \u00e0 distance lorsque possible. * Un support administratif pour\u00a0vos demandes de cr\u00e9ation de dossiers, suivi de dossiers en cours et renseignement par t\u00e9l\u00e9phone et mail Pour nous contacter, nous vous invitons \u00e0 nous joindre par\u00a0 t\u00e9l\u00e9phone au 02 22 06 70 70 ou par mail \u00e0 contact@welem.com Toute l\u2019\u00e9quipe WELEM vous assure son engagement maximum dans le respect des mesures conservatoires impos\u00e9es par la situation exceptionnelle qui est la n\u00f4tre, la v\u00f4tre \u00e0 ce jour. Prenez soin de vous et de vos proches. Lire la suite [2] Vous avez re\u00e7u cet email parce que vous vous \u00eates inscrit \u00e0 lettre d'information WELEM [3]. Si vous ne voulez plus recevoir d'email merci de compl\u00e9ter ce formulaire de {unsub} \u00a9 {year} WELEM, Tous droits r\u00e9serv\u00e9s [twitter welem sur http:\/\/twitter.com\/societewelem] [4] [Facebook soci\u00e9t\u00e9 Welem] [5] Links: ------ [1] http:\/\/welem.com [2] https:\/\/www.interieur.gouv.fr\/Actualites\/L-actu-du-Ministere\/Coronavirus-COVID-19-Questions-reponses-sur-les-mesures-de-restrictions [3] http:\/\/welem.com\/enr [4] http:\/\/twitter.com\/societewelem [5] http:\/\/www.facebook.com\/pages\/WELEM\/105304956191421","thumbnail_url":"https:\/\/welem.com\/enr\/wp-content\/uploads\/logoWelem2-300x79.png"}

{preheader}  {webversion} | {unsub} | {profile} [logoWelemBoisEtSolaire] [1] {subject} IMPACT COVID-19 Chers clients, Comme vous le savez, la situation relative à l’épidémie de Coronavirus (COVID-19) s’est aggravée de manière significative ces derniers jours et un certain nombre de mesures administratives décidées par les autorités impactent nos activités professionnelles. Pour vous protéger et protéger nos salariés, nous prenons les mesures suivantes : - Le magasin 3 rue Beaumanoir sera fermé jusqu’à nouvel ordre - Pas de déplacements ou interventions de dépannage sur le site des clients. Ils seront remplacés par des interventions à distance, dans la mesure du possible et ce jusqu’à nouvel ordre. - Tous les entretiens et ramonages prévus dans les 15 jours à venir sont, de ce fait,  annulés. Nous reprendrons contact avec vous dès que ces interventions seront de nouveau possibles dans le respect et protection de chacun. Notre équipe reste disponible pour : * Un support technique par téléphone pour du dépannage à distance lorsque possible. * Un support administratif pour vos demandes de création de dossiers, suivi de dossiers en cours et renseignement par téléphone et mail Pour nous contacter, nous vous invitons à nous joindre par  téléphone au 02 22 06 70 70 ou par mail à contact@welem.com Toute l’équipe WELEM vous assure son engagement maximum dans le respect des mesures conservatoires imposées par la situation exceptionnelle qui est la nôtre, la vôtre à ce jour. Prenez soin de vous et de vos proches. Lire la suite [2] Vous avez reçu cet email parce que vous vous êtes inscrit à lettre d'information WELEM [3]. Si vous ne voulez plus recevoir d'email merci de compléter ce formulaire de {unsub} © {year} WELEM, Tous droits réservés [twitter welem sur http://twitter.com/societewelem] [4] [Facebook société Welem] [5] Links: ------ [1] http://welem.com [2] https://www.interieur.gouv.fr/Actualites/L-actu-du-Ministere/Coronavirus-COVID-19-Questions-reponses-sur-les-mesures-de-restrictions [3] http://welem.com/enr [4] http://twitter.com/societewelem [5] http://www.facebook.com/pages/WELEM/105304956191421
