{"id":10972,"date":"2015-09-13T16:10:30","date_gmt":"2015-09-13T14:10:30","guid":{"rendered":"http:\/\/welem.com\/enr\/?page_id=10972"},"modified":"2025-10-14T08:58:10","modified_gmt":"2025-10-14T06:58:10","slug":"chaudiere-a-buches","status":"publish","type":"page","link":"https:\/\/welem.com\/enr\/chaudiere-a-buches\/","title":{"rendered":"Chaudi\u00e8re \u00e0 b\u00fbches"},"content":{"rendered":"<style type=\"text\/css\"> \n#cmsms_row_69f1dd354c1f2 .cmsms_row_outer_parent { \n\tpadding-top: 0px; \n} \n\n#cmsms_row_69f1dd354c1f2 .cmsms_row_outer_parent { \n\tpadding-bottom: 50px; \n} \n\n \n#cmsms_row_69f1dd355366d .cmsms_row_outer_parent { \n\tpadding-top: 0px; \n} \n\n#cmsms_row_69f1dd355366d .cmsms_row_outer_parent { \n\tpadding-bottom: 50px; \n} \n\n \n#cmsms_icon_box_69f1dd3553736 h1:before { \n\tcolor:#d5c922; \n} \n#cmsms_icon_box_69f1dd3553736 .cmsms_button { \n\tfont-weight:100; \n\tfont-style:normal; \n} \n#cmsms_icon_box_69f1dd3553736 .cmsms_button:hover { \n} \n \n#cmsms_icon_box_69f1dd3553791 h1:before { \n\tcolor:#d5c922; \n} \n#cmsms_icon_box_69f1dd3553791 .cmsms_button { \n\tfont-weight:100; \n\tfont-style:normal; \n} \n#cmsms_icon_box_69f1dd3553791 .cmsms_button:hover { \n} \n<\/style><div id=\"cmsms_row_69f1dd354c1f2\" class=\"cmsms_row cmsms_color_scheme_default\">\n<div class=\"cmsms_row_outer_parent\">\n<div class=\"cmsms_row_outer\">\n<div class=\"cmsms_row_inner\">\n<div class=\"cmsms_row_margin\">\n<div class=\"cmsms_column one_first\">\n<div class=\"cmsms_slider\"><script type=\"text\/javascript\">jQuery(function() { _initLayerSlider( '#layerslider_23_19od8b8b7fawz', {sliderVersion: '7.15.1', responsiveUnder: 0, layersContainer: 0, slideBGSize: 'auto', pauseOnHover: 1, twoWaySlideshow: true, skin: 'borderlessdark3d', sliderFadeInDuration: 350, globalBGColor: '#000000', tnInactiveOpacity: 45, useSrcset: true, skinsPath: 'https:\/\/welem.com\/enr\/wp-content\/plugins\/LayerSlider\/assets\/static\/layerslider\/skins\/', performanceMode: true}); });<\/script><div id=\"layerslider_23_19od8b8b7fawz\"  class=\"ls-wp-container fitvidsignore ls-selectable\" style=\"width:800px;height:600px;margin:0 auto;border-radius:14px;overflow: hidden;\"><div class=\"ls-slide\" data-ls=\"duration:6000;\"><img loading=\"lazy\" decoding=\"async\" width=\"704\" height=\"400\" src=\"https:\/\/welem.com\/enr\/wp-content\/uploads\/2015\/09\/froling-S4-vue-en-coupe.png\" class=\"ls-bg\" alt=\"\" srcset=\"https:\/\/welem.com\/enr\/wp-content\/uploads\/2015\/09\/froling-S4-vue-en-coupe.png 704w, https:\/\/welem.com\/enr\/wp-content\/uploads\/2015\/09\/froling-S4-vue-en-coupe-600x341.png 600w, https:\/\/welem.com\/enr\/wp-content\/uploads\/2015\/09\/froling-S4-vue-en-coupe-300x170.png 300w, https:\/\/welem.com\/enr\/wp-content\/uploads\/2015\/09\/froling-S4-vue-en-coupe-580x330.png 580w\" sizes=\"auto, (max-width: 704px) 100vw, 704px\" \/><div style=\"text-align: left; font-weight: normal;width:280px;padding-top:5px;padding-right:5px;padding-bottom:5px;padding-left:5px;font-family:Verdana, sans serif;font-size:18px;line-height:auto;color:#cccccc;border-radius:5px;top:492px;left:18px;background-color:#222222;white-space:normal;\" class=\"ls-l ls-html-layer\" data-ls=\"offsetxin:left;scalexin:1.0;scaleyin:1.0;offsetxout:right;scalexout:1.0;scaleyout:1.0;parallaxlevel:0;\">Chaudi\u00e8re \u00e0 b\u00fbche Froling S4 haut-rendement<\/div><a style=\"\" class=\"ls-l\" href=\"\/enr\/contact\/\" target=\"_self\" data-ls=\"offsetxin:left;delayin:500;scalexin:1.0;scaleyin:1.0;offsetxout:right;scalexout:1.0;scaleyout:1.0;parallaxlevel:0;\"><div style=\"text-align: center; background: black; background: rgba(0,0,0,.75); font-weight: normal;width:280px;padding-top:5px;padding-right:5px;padding-bottom:5px;padding-left:5px;font-family:Verdana, sans serif;font-size:18px;line-height:20px;color:#222222;border-radius:5px;top:490px;left:320px;background-color:#bfd029;white-space:normal;\" class=\"ls-html-layer\">Besoin de plus d'information ? cliquez ici pour nous contacter<\/div><\/a><\/div><div class=\"ls-slide\" data-ls=\"duration:6000;\"><img loading=\"lazy\" decoding=\"async\" width=\"800\" height=\"600\" src=\"https:\/\/welem.com\/enr\/wp-content\/uploads\/frlSlide1S4.jpg\" class=\"ls-bg\" alt=\"\" srcset=\"https:\/\/welem.com\/enr\/wp-content\/uploads\/frlSlide1S4.jpg 800w, https:\/\/welem.com\/enr\/wp-content\/uploads\/frlSlide1S4-300x225.jpg 300w, https:\/\/welem.com\/enr\/wp-content\/uploads\/frlSlide1S4-768x576.jpg 768w, https:\/\/welem.com\/enr\/wp-content\/uploads\/frlSlide1S4-580x435.jpg 580w, https:\/\/welem.com\/enr\/wp-content\/uploads\/frlSlide1S4-600x450.jpg 600w\" sizes=\"auto, (max-width: 800px) 100vw, 800px\" \/><div style=\"text-align: left; font-weight: normal;width:280px;padding-top:5px;padding-right:5px;padding-bottom:5px;padding-left:5px;font-family:Verdana, sans serif;font-size:18px;line-height:auto;color:#cccccc;border-radius:5px;top:420px;left:20px;background-color:#222222;white-space:normal;\" class=\"ls-l ls-html-layer\" data-ls=\"offsetxin:left;scalexin:1.0;scaleyin:1.0;offsetxout:right;scalexout:1.0;scaleyout:1.0;parallaxlevel:0;\">Autonomie et confort gr\u00e2ce \u00e0 cette chaudi\u00e8re \u00e0 b\u00fbche Froling S4 haut-rendement tout automatique avec 2 ballons de 1000L de stockage d'\u00e9nergie calorifique.<\/div><a style=\"\" class=\"ls-l\" href=\"\/enr\/contact\" target=\"_self\" data-ls=\"offsetxin:left;delayin:500;scalexin:1.0;scaleyin:1.0;offsetxout:right;scalexout:1.0;scaleyout:1.0;parallaxlevel:0;\"><div style=\"text-align: center; background: black; background: rgba(0,0,0,.75); font-weight: normal;width:280px;padding-top:5px;padding-right:5px;padding-bottom:5px;padding-left:5px;font-family:Verdana, sans serif;font-size:18px;line-height:20px;color:#222222;border-radius:5px;top:490px;left:320px;background-color:#bfd029;white-space:normal;\" class=\"ls-html-layer\">Besoin de plus d'information ? cliquez ici pour nous contacter<\/div><\/a><\/div><div class=\"ls-slide\" data-ls=\"duration:6000;\"><img loading=\"lazy\" decoding=\"async\" width=\"800\" height=\"600\" src=\"https:\/\/welem.com\/enr\/wp-content\/uploads\/frlSlide2S1.jpg\" class=\"ls-bg\" alt=\"\" srcset=\"https:\/\/welem.com\/enr\/wp-content\/uploads\/frlSlide2S1.jpg 800w, https:\/\/welem.com\/enr\/wp-content\/uploads\/frlSlide2S1-300x225.jpg 300w, https:\/\/welem.com\/enr\/wp-content\/uploads\/frlSlide2S1-768x576.jpg 768w, https:\/\/welem.com\/enr\/wp-content\/uploads\/frlSlide2S1-580x435.jpg 580w, https:\/\/welem.com\/enr\/wp-content\/uploads\/frlSlide2S1-600x450.jpg 600w\" sizes=\"auto, (max-width: 800px) 100vw, 800px\" \/><p style=\"text-align: left; font-weight: normal; color: #222222; ;width:280px;padding-top:5px;padding-right:5px;padding-bottom:5px;padding-left:5px;font-family:Verdana, sans serif;font-size:18px;line-height:auto;color:#cccccc;border-radius:5px;top:443px;left:20px;background-color:#222222;white-space:normal;\" class=\"ls-l ls-text-layer\" data-ls=\"offsetxin:left;scalexin:1.0;scaleyin:1.0;offsetxout:right;scalexout:1.0;scaleyout:1.0;parallaxlevel:0;\">Chaufferie taille r\u00e9duite gr\u00e2ce \u00e0 cette chaudi\u00e8re \u00e0 b\u00fbche compacte et 2 d\u00e9parts chauffage (Radiateur + Planche chauffant).<\/p><a style=\"\" class=\"ls-l\" href=\"\/enr\/contact\" target=\"_self\" data-ls=\"offsetxin:left;delayin:500;scalexin:1.0;scaleyin:1.0;offsetxout:right;scalexout:1.0;scaleyout:1.0;parallaxlevel:0;\"><div style=\"text-align: center; background: black; background: rgba(0,0,0,.75); font-weight: normal;width:280px;padding-top:5px;padding-right:5px;padding-bottom:5px;padding-left:5px;font-family:Verdana, sans serif;font-size:18px;line-height:20px;color:#222222;border-radius:5px;top:490px;left:320px;background-color:#bfd029;white-space:normal;\" class=\"ls-html-layer\">Besoin de plus d'information ? cliquez ici pour nous contacter<\/div><\/a><a href=\"https:\/\/welem.com\/enr\/welem-selectionne-station-technique-froling-pour-le-finistere\/\" target=\"_self\" class=\"ls-link ls-link-on-top\"><\/a><\/div><div class=\"ls-slide\" data-ls=\"duration:6000;\"><img loading=\"lazy\" decoding=\"async\" width=\"800\" height=\"600\" src=\"https:\/\/welem.com\/enr\/wp-content\/uploads\/frlSlide3S1.jpg\" class=\"ls-bg\" alt=\"\" srcset=\"https:\/\/welem.com\/enr\/wp-content\/uploads\/frlSlide3S1.jpg 800w, https:\/\/welem.com\/enr\/wp-content\/uploads\/frlSlide3S1-300x225.jpg 300w, https:\/\/welem.com\/enr\/wp-content\/uploads\/frlSlide3S1-768x576.jpg 768w, https:\/\/welem.com\/enr\/wp-content\/uploads\/frlSlide3S1-580x435.jpg 580w, https:\/\/welem.com\/enr\/wp-content\/uploads\/frlSlide3S1-600x450.jpg 600w\" sizes=\"auto, (max-width: 800px) 100vw, 800px\" \/><p style=\"text-align: left; font-weight: normal; color: #222222;width:280px;padding-top:5px;padding-right:5px;padding-bottom:5px;padding-left:5px;font-family:Verdana, sans serif;font-size:18px;line-height:auto;color:#cccccc;border-radius:5px;top:400px;left:20px;background-color:rgba(36, 36, 36, 0.97);white-space:normal;\" class=\"ls-l ls-text-layer\" data-ls=\"offsetxin:left;scalexin:1.0;scaleyin:1.0;offsetxout:right;scalexout:1.0;scaleyout:1.0;parallaxlevel:0;\">Syst\u00e8me combin\u00e9 chaudi\u00e8re \u00e0 b\u00fbches coupl\u00e9e \u00e0 des capteurs solaire thermiques. Eau chaude gratuite l'\u00e9t\u00e9 gr\u00e2ce au soleil, chauffage \u00e9conomique l'hiver gr\u00e2ce \u00e0 la chaudi\u00e8re<\/p><a style=\"\" class=\"ls-l\" href=\"\/enr\/contact\" target=\"_self\" data-ls=\"offsetxin:left;delayin:500;scalexin:1.0;scaleyin:1.0;offsetxout:right;scalexout:1.0;scaleyout:1.0;parallaxlevel:0;\"><div style=\"text-align: center; background: black; background: rgba(0,0,0,.75); font-weight: normal;width:280px;padding-top:5px;padding-right:5px;padding-bottom:5px;padding-left:5px;font-family:Verdana, sans serif;font-size:18px;line-height:20px;color:#222222;border-radius:5px;top:490px;left:320px;background-color:#bfd029;white-space:normal;\" class=\"ls-html-layer\">Besoin de plus d'information ? cliquez ici pour nous contacter<\/div><\/a><\/div><\/div><\/div>\n<div class=\"cmsms_text\">\n<p>\u00c9quip\u00e9e d&rsquo;une r\u00e9gulation de combustion avec sonde Lambda et d\u2019une chambre de combustion adoptant une nouvelle forme, elle offre une meilleure combustion en terme d\u2019\u00e9missions et de rendement (&gt;90%).<\/p>\n<p>La grande chambre de remplissage pour b\u00fbches d\u2019un demi m\u00e8tre, coupl\u00e9 \u00e0 un ballon d\u2019hydro-accumulation permet de longs intervalles d\u2019alimentation. Dans notre r\u00e9gion, avec cette chaudi\u00e8re coupl\u00e9e \u00e0 un ballon d&rsquo;accumulation correctement dimensionn\u00e9, un seul chargement par jour suffit.<\/p>\n<p>Fonctionnement :<\/p>\n<ul>\n<li>On remplit, on allume et on ferme imm\u00e9diatement la porte\u00a0; aucun d\u00e9gagement de fum\u00e9e. Et pour encore plus de confort, on dispose en option d\u2019un allumage automatique.<\/li>\n<li>Compar\u00e9es aux chaudi\u00e8res traditionnelles \u00e0 bois, cette nouvelle g\u00e9n\u00e9ration permet d\u2019\u00e9conomiser jusqu&rsquo;\u00e0 30% du combustible et de r\u00e9duire sensiblement les \u00e9missions de CO.<\/li>\n<\/ul>\n<\/div>\n<\/div>\n<\/div>\n<\/div>\n<\/div>\n<\/div>\n<\/div>\n<div id=\"cmsms_row_69f1dd355366d\" class=\"cmsms_row cmsms_color_scheme_default\">\n<div class=\"cmsms_row_outer_parent\">\n<div class=\"cmsms_row_outer\">\n<div class=\"cmsms_row_inner\">\n<div class=\"cmsms_row_margin\">\n<div class=\"cmsms_column one_half\">\n<div id=\"cmsms_icon_box_69f1dd3553736\" class=\"cmsms_icon_box cmsms_box_heading\">\n<div class=\"icon_box_inner\">\n<h3 class=\"cmsms-icon-pagelines\">Gamme de chaudi\u00e8res \u00e0 b\u00fbches<\/h3>\n<div class=\"icon_box_text\">\n<p>Retrouver une partie de notre gamme de chaudi\u00e8res \u00e0 granul\u00e9s sur notre boutique en ligne<\/p>\n<\/div>\n<a href=\"\/enr\/categorie-produit\/chauffage-bois\/chaudieres-froling\/?product_tag=buches\" class=\"cmsms_button icon_box_button\">Voir les chaudi\u00e8res<\/a>\n<\/div>\n<\/div>\n<\/div>\n<div class=\"cmsms_column one_half\">\n<div id=\"cmsms_icon_box_69f1dd3553791\" class=\"cmsms_icon_box cmsms_box_heading\">\n<div class=\"icon_box_inner\">\n<h3 class=\"cmsms-icon-globe-5\">Besoin de plus de renseignements<\/h3>\n<div class=\"icon_box_text\">\n<p>Vous disposer de bois b\u00fbches et souhaitez lz valorisez pour votre chauffage,<\/p>\n<\/div>\n<a href=\"\/enr\/contact\" class=\"cmsms_button icon_box_button\">Prenez contact<\/a>\n<\/div>\n<\/div>\n<\/div>\n<\/div>\n<\/div>\n<\/div>\n<\/div>\n<\/div>\n\n","protected":false},"excerpt":{"rendered":"","protected":false},"author":75,"featured_media":0,"parent":0,"menu_order":4,"comment_status":"closed","ping_status":"closed","template":"","meta":{"footnotes":""},"class_list":["post-10972","page","type-page","status-publish","hentry"],"yoast_head":"<!-- This site is optimized with the Yoast SEO plugin v27.5 - https:\/\/yoast.com\/product\/yoast-seo-wordpress\/ -->\n<title>Chaudi\u00e8re \u00e0 b\u00fbches - WELEM<\/title>\n<meta name=\"robots\" content=\"index, follow, max-snippet:-1, max-image-preview:large, max-video-preview:-1\" \/>\n<link rel=\"canonical\" href=\"https:\/\/welem.com\/enr\/chaudiere-a-buches\/\" \/>\n<meta property=\"og:locale\" content=\"fr_FR\" \/>\n<meta property=\"og:type\" content=\"article\" \/>\n<meta property=\"og:title\" content=\"Chaudi\u00e8re \u00e0 b\u00fbches - WELEM\" \/>\n<meta property=\"og:url\" content=\"https:\/\/welem.com\/enr\/chaudiere-a-buches\/\" \/>\n<meta property=\"og:site_name\" content=\"WELEM\" \/>\n<meta property=\"article:publisher\" content=\"https:\/\/www.facebook.com\/WELEM-105304956191421\" \/>\n<meta property=\"article:modified_time\" content=\"2025-10-14T06:58:10+00:00\" \/>\n<meta name=\"twitter:card\" content=\"summary_large_image\" \/>\n<meta name=\"twitter:site\" content=\"@societewelem\" \/>\n<meta name=\"twitter:label1\" content=\"Dur\u00e9e de lecture estim\u00e9e\" \/>\n\t<meta name=\"twitter:data1\" content=\"2 minutes\" \/>\n<script type=\"application\/ld+json\" class=\"yoast-schema-graph\">{\"@context\":\"https:\\\/\\\/schema.org\",\"@graph\":[{\"@type\":\"WebPage\",\"@id\":\"https:\\\/\\\/welem.com\\\/enr\\\/chaudiere-a-buches\\\/\",\"url\":\"https:\\\/\\\/welem.com\\\/enr\\\/chaudiere-a-buches\\\/\",\"name\":\"Chaudi\u00e8re \u00e0 b\u00fbches - WELEM\",\"isPartOf\":{\"@id\":\"https:\\\/\\\/welem.com\\\/enr\\\/#website\"},\"datePublished\":\"2015-09-13T14:10:30+00:00\",\"dateModified\":\"2025-10-14T06:58:10+00:00\",\"breadcrumb\":{\"@id\":\"https:\\\/\\\/welem.com\\\/enr\\\/chaudiere-a-buches\\\/#breadcrumb\"},\"inLanguage\":\"fr-FR\",\"potentialAction\":[{\"@type\":\"ReadAction\",\"target\":[\"https:\\\/\\\/welem.com\\\/enr\\\/chaudiere-a-buches\\\/\"]}]},{\"@type\":\"BreadcrumbList\",\"@id\":\"https:\\\/\\\/welem.com\\\/enr\\\/chaudiere-a-buches\\\/#breadcrumb\",\"itemListElement\":[{\"@type\":\"ListItem\",\"position\":1,\"name\":\"Accueil\",\"item\":\"https:\\\/\\\/welem.com\\\/enr\\\/\"},{\"@type\":\"ListItem\",\"position\":2,\"name\":\"Chaudi\u00e8re \u00e0 b\u00fbches\"}]},{\"@type\":\"WebSite\",\"@id\":\"https:\\\/\\\/welem.com\\\/enr\\\/#website\",\"url\":\"https:\\\/\\\/welem.com\\\/enr\\\/\",\"name\":\"WELEM - L'\u00e9nergie autrement\",\"description\":\"La r\u00e9novation \u00e9nerg\u00e9tique globale\",\"publisher\":{\"@id\":\"https:\\\/\\\/welem.com\\\/enr\\\/#organization\"},\"potentialAction\":[{\"@type\":\"SearchAction\",\"target\":{\"@type\":\"EntryPoint\",\"urlTemplate\":\"https:\\\/\\\/welem.com\\\/enr\\\/?s={search_term_string}\"},\"query-input\":{\"@type\":\"PropertyValueSpecification\",\"valueRequired\":true,\"valueName\":\"search_term_string\"}}],\"inLanguage\":\"fr-FR\"},{\"@type\":\"Organization\",\"@id\":\"https:\\\/\\\/welem.com\\\/enr\\\/#organization\",\"name\":\"WELEM\",\"url\":\"https:\\\/\\\/welem.com\\\/enr\\\/\",\"logo\":{\"@type\":\"ImageObject\",\"inLanguage\":\"fr-FR\",\"@id\":\"https:\\\/\\\/welem.com\\\/enr\\\/#\\\/schema\\\/logo\\\/image\\\/\",\"url\":\"https:\\\/\\\/welem.com\\\/enr\\\/wp-content\\\/uploads\\\/logoWelemRetina.png\",\"contentUrl\":\"https:\\\/\\\/welem.com\\\/enr\\\/wp-content\\\/uploads\\\/logoWelemRetina.png\",\"width\":900,\"height\":311,\"caption\":\"WELEM\"},\"image\":{\"@id\":\"https:\\\/\\\/welem.com\\\/enr\\\/#\\\/schema\\\/logo\\\/image\\\/\"},\"sameAs\":[\"https:\\\/\\\/www.facebook.com\\\/WELEM-105304956191421\",\"https:\\\/\\\/x.com\\\/societewelem\",\"https:\\\/\\\/www.youtube.com\\\/channel\\\/UCx7WBxMNWO_SgykAVYK0xzQ\"]}]}<\/script>\n<!-- \/ Yoast SEO plugin. -->","yoast_head_json":{"title":"Chaudi\u00e8re \u00e0 b\u00fbches - WELEM","robots":{"index":"index","follow":"follow","max-snippet":"max-snippet:-1","max-image-preview":"max-image-preview:large","max-video-preview":"max-video-preview:-1"},"canonical":"https:\/\/welem.com\/enr\/chaudiere-a-buches\/","og_locale":"fr_FR","og_type":"article","og_title":"Chaudi\u00e8re \u00e0 b\u00fbches - WELEM","og_url":"https:\/\/welem.com\/enr\/chaudiere-a-buches\/","og_site_name":"WELEM","article_publisher":"https:\/\/www.facebook.com\/WELEM-105304956191421","article_modified_time":"2025-10-14T06:58:10+00:00","twitter_card":"summary_large_image","twitter_site":"@societewelem","twitter_misc":{"Dur\u00e9e de lecture estim\u00e9e":"2 minutes"},"schema":{"@context":"https:\/\/schema.org","@graph":[{"@type":"WebPage","@id":"https:\/\/welem.com\/enr\/chaudiere-a-buches\/","url":"https:\/\/welem.com\/enr\/chaudiere-a-buches\/","name":"Chaudi\u00e8re \u00e0 b\u00fbches - WELEM","isPartOf":{"@id":"https:\/\/welem.com\/enr\/#website"},"datePublished":"2015-09-13T14:10:30+00:00","dateModified":"2025-10-14T06:58:10+00:00","breadcrumb":{"@id":"https:\/\/welem.com\/enr\/chaudiere-a-buches\/#breadcrumb"},"inLanguage":"fr-FR","potentialAction":[{"@type":"ReadAction","target":["https:\/\/welem.com\/enr\/chaudiere-a-buches\/"]}]},{"@type":"BreadcrumbList","@id":"https:\/\/welem.com\/enr\/chaudiere-a-buches\/#breadcrumb","itemListElement":[{"@type":"ListItem","position":1,"name":"Accueil","item":"https:\/\/welem.com\/enr\/"},{"@type":"ListItem","position":2,"name":"Chaudi\u00e8re \u00e0 b\u00fbches"}]},{"@type":"WebSite","@id":"https:\/\/welem.com\/enr\/#website","url":"https:\/\/welem.com\/enr\/","name":"WELEM - L'\u00e9nergie autrement","description":"La r\u00e9novation \u00e9nerg\u00e9tique globale","publisher":{"@id":"https:\/\/welem.com\/enr\/#organization"},"potentialAction":[{"@type":"SearchAction","target":{"@type":"EntryPoint","urlTemplate":"https:\/\/welem.com\/enr\/?s={search_term_string}"},"query-input":{"@type":"PropertyValueSpecification","valueRequired":true,"valueName":"search_term_string"}}],"inLanguage":"fr-FR"},{"@type":"Organization","@id":"https:\/\/welem.com\/enr\/#organization","name":"WELEM","url":"https:\/\/welem.com\/enr\/","logo":{"@type":"ImageObject","inLanguage":"fr-FR","@id":"https:\/\/welem.com\/enr\/#\/schema\/logo\/image\/","url":"https:\/\/welem.com\/enr\/wp-content\/uploads\/logoWelemRetina.png","contentUrl":"https:\/\/welem.com\/enr\/wp-content\/uploads\/logoWelemRetina.png","width":900,"height":311,"caption":"WELEM"},"image":{"@id":"https:\/\/welem.com\/enr\/#\/schema\/logo\/image\/"},"sameAs":["https:\/\/www.facebook.com\/WELEM-105304956191421","https:\/\/x.com\/societewelem","https:\/\/www.youtube.com\/channel\/UCx7WBxMNWO_SgykAVYK0xzQ"]}]}},"_links":{"self":[{"href":"https:\/\/welem.com\/enr\/wp-json\/wp\/v2\/pages\/10972","targetHints":{"allow":["GET"]}}],"collection":[{"href":"https:\/\/welem.com\/enr\/wp-json\/wp\/v2\/pages"}],"about":[{"href":"https:\/\/welem.com\/enr\/wp-json\/wp\/v2\/types\/page"}],"author":[{"embeddable":true,"href":"https:\/\/welem.com\/enr\/wp-json\/wp\/v2\/users\/75"}],"replies":[{"embeddable":true,"href":"https:\/\/welem.com\/enr\/wp-json\/wp\/v2\/comments?post=10972"}],"version-history":[{"count":0,"href":"https:\/\/welem.com\/enr\/wp-json\/wp\/v2\/pages\/10972\/revisions"}],"wp:attachment":[{"href":"https:\/\/welem.com\/enr\/wp-json\/wp\/v2\/media?parent=10972"}],"curies":[{"name":"wp","href":"https:\/\/api.w.org\/{rel}","templated":true}]}}