{"id":19054,"date":"2016-07-30T11:15:49","date_gmt":"2016-07-30T09:15:49","guid":{"rendered":"http:\/\/welem.com\/enr\/?page_id=19054"},"modified":"2019-02-25T14:43:18","modified_gmt":"2019-02-25T13:43:18","slug":"recuperation-eau-de-pluie","status":"publish","type":"page","link":"https:\/\/welem.com\/enr\/recuperation-eau-de-pluie\/","title":{"rendered":"R\u00e9cup\u00e9ration eau de pluie"},"content":{"rendered":"<style type=\"text\/css\"> \n#cmsms_row_69f87c2e983aa .cmsms_row_outer_parent { \n\tpadding-top: 0px; \n} \n\n#cmsms_row_69f87c2e983aa .cmsms_row_outer_parent { \n\tpadding-bottom: 0px; \n} \n\n \n#cmsms_row_69f87c2e98d29 .cmsms_row_outer_parent { \n\tpadding-top: 0px; \n} \n\n#cmsms_row_69f87c2e98d29 .cmsms_row_outer_parent { \n\tpadding-bottom: 30px; \n} \n\n \n#cmsms_heading_69f87c2e98e65, #cmsms_heading_69f87c2e98e65 a { \n\ttext-align:left; \n\tfont-weight:400; \n\tfont-style:normal; \n\tmargin-top:0px; \n\tmargin-bottom:20px; \n} \n \n#cmsms_row_69f87c2e98e89 .cmsms_row_outer_parent { \n\tpadding-top: 0px; \n} \n\n#cmsms_row_69f87c2e98e89 .cmsms_row_outer_parent { \n\tpadding-bottom: 0px; \n} \n\n \n#cmsms_heading_69f87c2e994cf, #cmsms_heading_69f87c2e994cf a { \n\tfont-weight:400; \n\tfont-style:normal; \n\tmargin-top:0px; \n\tmargin-bottom:10px; \n} \n \n#cmsms_row_69f87c2e994ef .cmsms_row_outer_parent { \n\tpadding-top: 0px; \n} \n\n#cmsms_row_69f87c2e994ef .cmsms_row_outer_parent { \n\tpadding-bottom: 0px; \n} \n\n \n#cmsms_heading_69f87c2e99a58, #cmsms_heading_69f87c2e99a58 a { \n\tfont-weight:400; \n\tfont-style:normal; \n\tmargin-top:0px; \n\tmargin-bottom:10px; \n} \n \n#cmsms_row_69f87c2e99a76 .cmsms_row_outer_parent { \n\tpadding-top: 0px; \n} \n\n#cmsms_row_69f87c2e99a76 .cmsms_row_outer_parent { \n\tpadding-bottom: 0px; \n} \n\n \n#cmsms_heading_69f87c2e99f03, #cmsms_heading_69f87c2e99f03 a { \n\tfont-weight:400; \n\tfont-style:normal; \n\tmargin-top:0px; \n\tmargin-bottom:10px; \n} \n \n#cmsms_row_69f87c2e99f20 .cmsms_row_outer_parent { \n\tpadding-top: 0px; \n} \n\n#cmsms_row_69f87c2e99f20 .cmsms_row_outer_parent { \n\tpadding-bottom: 30px; \n} \n\n \n#cmsms_heading_69f87c2e9a2a4, #cmsms_heading_69f87c2e9a2a4 a { \n\tfont-weight:400; \n\tfont-style:normal; \n\tmargin-top:0px; \n\tmargin-bottom:10px; \n} \n \n#cmsms_row_69f87c2e9a2ca .cmsms_row_outer_parent { \n\tpadding-top: 0px; \n} \n\n#cmsms_row_69f87c2e9a2ca .cmsms_row_outer_parent { \n\tpadding-bottom: 30px; \n} \n\n \n#cmsms_heading_69f87c2e9a320, #cmsms_heading_69f87c2e9a320 a { \n\tfont-weight:400; \n\tfont-style:normal; \n\tmargin-top:0px; \n\tmargin-bottom:20px; \n} \n \n#cmsms_row_69f87c2e9a343 .cmsms_row_outer_parent { \n\tpadding-top: 0px; \n} \n\n#cmsms_row_69f87c2e9a343 .cmsms_row_outer_parent { \n\tpadding-bottom: 30px; \n} \n\n \n#cmsms_heading_69f87c2e9a398, #cmsms_heading_69f87c2e9a398 a { \n\ttext-align:left; \n\tfont-weight:400; \n\tfont-style:normal; \n\tmargin-top:0px; \n\tmargin-bottom:20px; \n} \n \n#cmsms_row_69f87c2e9a3c6 .cmsms_row_outer_parent { \n\tpadding-top: 0px; \n} \n\n#cmsms_row_69f87c2e9a3c6 .cmsms_row_outer_parent { \n\tpadding-bottom: 50px; \n} \n\n \n#cmsms_icon_box_69f87c2e9a46c h1:before { \n\tcolor:#bfd029; \n} \n#cmsms_icon_box_69f87c2e9a46c .cmsms_button { \n\tfont-weight:100; \n\tfont-style:normal; \n\tpadding-right:20px; \n\tpadding-left:20px; \n} \n#cmsms_icon_box_69f87c2e9a46c .cmsms_button:hover { \n} \n \n#cmsms_icon_box_69f87c2e9a4b7 h1:before { \n\tcolor:#bfd029; \n} \n#cmsms_icon_box_69f87c2e9a4b7 .cmsms_button { \n\tfont-weight:100; \n\tfont-style:normal; \n\tpadding-right:20px; \n\tpadding-left:20px; \n} \n#cmsms_icon_box_69f87c2e9a4b7 .cmsms_button:hover { \n} \n<\/style><div id=\"cmsms_row_69f87c2e983aa\" class=\"cmsms_row cmsms_color_scheme_default\">\n<div class=\"cmsms_row_outer_parent\">\n<div class=\"cmsms_row_outer\">\n<div class=\"cmsms_row_inner\">\n<div class=\"cmsms_row_margin\">\n<div class=\"cmsms_column one_half\">\n<div class=\"cmsms_video\">\n<div style=\"width: 640px;\" class=\"wp-video\"><video class=\"wp-video-shortcode\" id=\"video-19054-1\" width=\"640\" height=\"360\" poster=\"https:\/\/welem.com\/enr\/wp-content\/uploads\/animRecupEau.jpg\" preload=\"metadata\" controls=\"controls\"><source type=\"video\/mp4\" src=\"https:\/\/welem.com\/enr\/wp-content\/uploads\/animRecupEau.mp4?_=1\" \/><a href=\"https:\/\/welem.com\/enr\/wp-content\/uploads\/animRecupEau.mp4\">https:\/\/welem.com\/enr\/wp-content\/uploads\/animRecupEau.mp4<\/a><\/video><\/div><\/div>\n<\/div>\n<div class=\"cmsms_column one_half\">\n<div class=\"cmsms_text\">\n<p>Chaque ann\u00e9e, il tombe une grande quantit\u00e9 d&rsquo;eau, par exemple pour Brest la pluviom\u00e9trie annuelle est en moyenne de <strong>1200 litres par m2<\/strong>. Avec nos solutions de r\u00e9cup\u00e9ration eau de pluie, l&rsquo;eau tomb\u00e9e sur votre toit est filtr\u00e9e puis stock\u00e9e dans un r\u00e9servoir. Suivant vos besoins, l&rsquo;eau est pomp\u00e9e par un groupe pompe (groupe hydrophore) qui se d\u00e9clenche automatiquement lorsqu&rsquo;il y a un appel d&rsquo;eau.<\/p>\n<p>On distingue 3 niveaux de qualit\u00e9 d&rsquo;eau n\u00e9cessaire \u00e0 un usage domestique de l&rsquo;eau :<\/p>\n<\/div>\n<\/div>\n<\/div>\n<\/div>\n<\/div>\n<\/div>\n<\/div>\n<div id=\"cmsms_row_69f87c2e98d29\" class=\"cmsms_row cmsms_color_scheme_default\">\n<div class=\"cmsms_row_outer_parent\">\n<div class=\"cmsms_row_outer\">\n<div class=\"cmsms_row_inner\">\n<div class=\"cmsms_row_margin\">\n<div class=\"cmsms_column one_first\">\n<div class=\"cmsms_text\">\n<p>Le premier niveau de qualit\u00e9 est l\u2019eau non potable utilis\u00e9e pour l\u2019arrosage du jardin, le lavage de la voiture ou l\u2019alimentation des toilettes. Pour cet usage, un filtrage basique de l\u2019eau de pluie suffit. Nos solutions Pack jardin ou Pack basique r\u00e9pondent \u00e0 ces besoins.<\/p>\n<p>Le deuxi\u00e8me niveau qualit\u00e9 est une eau potable destin\u00e9e \u00e0 couvrir les besoins en eau de lavage pour le linge ou les sols. Dans ce cas il est n\u00e9cessaire de filtrer et de st\u00e9riliser l\u2019eau afin d\u2019\u00e9liminer tout risque bact\u00e9rien. Nos solutions pack standard sont faites pour couvrir ce type de besoin.<\/p>\n<p>Le troisi\u00e8me niveau de qualit\u00e9 est une eau potable de consommation, cette eau purifi\u00e9e permet de couvrir les besoins en boisson, eau de lavage pour le corps, le lave-vaisselle et l\u2019eau de cuisson. La solution pack int\u00e9gral r\u00e9pond \u00e0 ces exigences.<\/p>\n<p><img loading=\"lazy\" decoding=\"async\" class=\"alignright wp-image-19082\" src=\"http:\/\/welem.com\/enr\/wp-content\/uploads\/repartitionEauDomestique.png\" alt=\"r\u00e9partition consommation eau domestique\" width=\"400\" height=\"215\" srcset=\"https:\/\/welem.com\/enr\/wp-content\/uploads\/repartitionEauDomestique.png 650w, https:\/\/welem.com\/enr\/wp-content\/uploads\/repartitionEauDomestique-600x323.png 600w, https:\/\/welem.com\/enr\/wp-content\/uploads\/repartitionEauDomestique-300x162.png 300w, https:\/\/welem.com\/enr\/wp-content\/uploads\/repartitionEauDomestique-580x312.png 580w\" sizes=\"auto, (max-width: 400px) 100vw, 400px\" \/>Pour vous aider \u00e0 choisir, le diagramme ci-dessous montre la r\u00e9partition de la consommation d\u2019eau pour un usage domestique.<\/p>\n<p>Avec nos solutions de r\u00e9cup\u00e9ration eau de pluie, vous couvrirez tout ou partie de ces besoins.<\/p>\n<\/div>\n<\/div>\n<\/div>\n<\/div>\n<\/div>\n<\/div>\n<\/div>\n<div id=\"cmsms_row_69f87c2e98dd3\" class=\"cmsms_row cmsms_color_scheme_default\">\n<div class=\"cmsms_row_outer_parent\">\n<div class=\"cmsms_row_outer\">\n<div class=\"cmsms_row_inner\">\n<div class=\"cmsms_row_margin\">\n<div class=\"cmsms_column one_first\">\n<h3 id=\"cmsms_heading_69f87c2e98e65\" class=\"cmsms_heading\">Des solutions adapt\u00e9es \u00e0 vos besoins<\/h3><div class=\"cmsms_text\">\n<p>Nous vous proposons une large gamme de solutions de r\u00e9cup\u00e9ration d&rsquo;eau de pluie, compl\u00e8tement personnalisables afin de r\u00e9pondre aux besoins sp\u00e9cifiques des particuliers et des professionnels.<\/p>\n<p>Nos plus, ce sont des solutions s\u00e9curis\u00e9es et la possibilit\u00e9 de contr\u00f4ler la qualit\u00e9 de l\u2019eau \u00e0 distance depuis un navigateur web (conductivit\u00e9, turbidit\u00e9 et PH de l\u2019eau potable).<\/p>\n<\/div>\n<\/div>\n<\/div>\n<\/div>\n<\/div>\n<\/div>\n<\/div>\n<div id=\"cmsms_row_69f87c2e98e89\" class=\"cmsms_row cmsms_color_scheme_default\">\n<div class=\"cmsms_row_outer_parent\">\n<div class=\"cmsms_row_outer\">\n<div class=\"cmsms_row_inner\">\n<div class=\"cmsms_row_margin\">\n<div class=\"cmsms_column one_fourth\" data-animation=\"bounceInLeft\" data-delay=\"500\">\n<div class=\"aligncenter\">\n<div class=\"cmsms_img  cmsms_image_c\">\n<img decoding=\"async\" src=\"https:\/\/welem.com\/enr\/wp-content\/uploads\/kitJardin.gif\" \/>\n<\/div>\n<\/div>\n<\/div>\n<div class=\"cmsms_column three_fourth\" data-animation=\"bounceInRight\" data-delay=\"500\">\n<h4 id=\"cmsms_heading_69f87c2e994cf\" class=\"cmsms_heading\">Pack jardin, 7% d&rsquo;\u00e9conomie<\/h4><div class=\"cmsms_text\">\n<p>Comprend une colonne d\u2019eau pour stocker 1000L et sa lance pour arroser vos plantations ou laver votre v\u00e9hicule.<\/p>\n<\/div>\n<\/div>\n<\/div>\n<\/div>\n<\/div>\n<\/div>\n<\/div>\n<div id=\"cmsms_row_69f87c2e994ef\" class=\"cmsms_row cmsms_color_scheme_default\">\n<div class=\"cmsms_row_outer_parent\">\n<div class=\"cmsms_row_outer\">\n<div class=\"cmsms_row_inner\">\n<div class=\"cmsms_row_margin\">\n<div class=\"cmsms_column one_fourth\" data-animation=\"bounceInLeft\" data-delay=\"650\">\n<div class=\"aligncenter\">\n<div class=\"cmsms_img  cmsms_image_c\">\n<img decoding=\"async\" src=\"https:\/\/welem.com\/enr\/wp-content\/uploads\/kitBasique.gif\" \/>\n<\/div>\n<\/div>\n<\/div>\n<div class=\"cmsms_column three_fourth\" data-animation=\"bounceInRight\" data-delay=\"650\">\n<h4 id=\"cmsms_heading_69f87c2e99a58\" class=\"cmsms_heading\">Pack basique, 40% d&rsquo;\u00e9conomie<\/h4><div class=\"cmsms_text\">\n<p>Solution \u00e9conomique afin de r\u00e9pondre \u00e0 un besoin limit\u00e9 aux WC et \u00e0 l&rsquo;arrosage de votre jardin avec une filtration de base.<\/p>\n<\/div>\n<\/div>\n<\/div>\n<\/div>\n<\/div>\n<\/div>\n<\/div>\n<div id=\"cmsms_row_69f87c2e99a76\" class=\"cmsms_row cmsms_color_scheme_default\">\n<div class=\"cmsms_row_outer_parent\">\n<div class=\"cmsms_row_outer\">\n<div class=\"cmsms_row_inner\">\n<div class=\"cmsms_row_margin\">\n<div class=\"cmsms_column one_fourth\" data-animation=\"bounceInLeft\" data-delay=\"800\">\n<div class=\"aligncenter\">\n<div class=\"cmsms_img  cmsms_image_c\">\n<img decoding=\"async\" src=\"https:\/\/welem.com\/enr\/wp-content\/uploads\/kitStandard.gif\" \/>\n<\/div>\n<\/div>\n<\/div>\n<div class=\"cmsms_column three_fourth\" data-animation=\"bounceInRight\" data-delay=\"800\">\n<h4 id=\"cmsms_heading_69f87c2e99f03\" class=\"cmsms_heading\">Pack standard, 54% d&rsquo;\u00e9conomie<\/h4><div class=\"cmsms_text\">\n<p>Permet d\u2019alimenter vos WC et votre lave-linge gr\u00e2ce \u00e0 une filtration en sortie de pompe (Micro-filtration) et permet d&rsquo; \u00e9conomiser sur votre consommation de lessive car l&rsquo;eau ne sera plus calcaire.<\/p>\n<\/div>\n<\/div>\n<\/div>\n<\/div>\n<\/div>\n<\/div>\n<\/div>\n<div id=\"cmsms_row_69f87c2e99f20\" class=\"cmsms_row cmsms_color_scheme_default\">\n<div class=\"cmsms_row_outer_parent\">\n<div class=\"cmsms_row_outer\">\n<div class=\"cmsms_row_inner\">\n<div class=\"cmsms_row_margin\">\n<div class=\"cmsms_column one_fourth\" data-animation=\"bounceInLeft\" data-delay=\"950\">\n<div class=\"aligncenter\">\n<div class=\"cmsms_img  cmsms_image_c\">\n<img decoding=\"async\" src=\"https:\/\/welem.com\/enr\/wp-content\/uploads\/kitIntegral.gif\" \/>\n<\/div>\n<\/div>\n<\/div>\n<div class=\"cmsms_column three_fourth\" data-animation=\"bounceInRight\" data-delay=\"950\">\n<h4 id=\"cmsms_heading_69f87c2e9a2a4\" class=\"cmsms_heading\">Pack int\u00e9gral, 95% d&rsquo;\u00e9conomie<\/h4><div class=\"cmsms_text\">\n<p>Permet d\u2019exploiter l\u2019eau de pluie au maximum, gr\u00e2ce \u00e0 une filtration plus pouss\u00e9e (Ultra-filtration ou micro filtration avec st\u00e9rilisateur UV) afin de pouvoir alimenter votre lave-linge et lave-vaisselle, utiliser cette eau pour l&rsquo;\u00e9vier de la cuisine, prendre votre douche avec une eau douce et gratuite.<\/p>\n<p>Vous pouvez pousser encore plus loin l&rsquo;\u00e9conomie avec la <strong>Pack integral +<\/strong>. Ce pack reprend les m\u00eames caract\u00e9ristiques techniques et fonctionnelles que le Pack Integral, mais propose en plus un osmoseur haut d\u00e9bit 300GPD pour l&rsquo;eau de boisson et de cuisson. Ainsi <span style=\"color: #ffcc00;\">vous \u00e9conomisez jusqu&rsquo;\u00e0 100% sur votre facture d&rsquo;eau<\/span>.<\/p>\n<\/div>\n<\/div>\n<\/div>\n<\/div>\n<\/div>\n<\/div>\n<\/div>\n<div id=\"cmsms_row_69f87c2e9a2ca\" class=\"cmsms_row cmsms_color_scheme_default\">\n<div class=\"cmsms_row_outer_parent\">\n<div class=\"cmsms_row_outer\">\n<div class=\"cmsms_row_inner\">\n<div class=\"cmsms_row_margin\">\n<div class=\"cmsms_column one_first\">\n<h3 id=\"cmsms_heading_69f87c2e9a320\" class=\"cmsms_heading\">Contrat d&rsquo;entretien annuel<\/h3><div class=\"cmsms_text\">\n<p>Afin de prolonger la garantie de l&rsquo;installation, nous proposons un contrat d\u2019entretien annuel qui comprend&nbsp;:<\/p>\n<ul>\n<li>Le nettoyage du seau filtrant (avant la cuve).<\/li>\n<li>Le remplacement des cartouches et de filtration (pack standard et int\u00e9gral).<\/li>\n<li>Le remplacement de la lampe UVc (pack int\u00e9gral).<\/li>\n<li>Les tests et contr\u00f4les de votre station de pompage sp\u00e9ciale eau de pluie.<\/li>\n<li>Nettoyage de la cuve tous les 5 ans (en cas de n\u00e9cessit\u00e9).<\/li>\n<\/ul>\n<\/div>\n<\/div>\n<\/div>\n<\/div>\n<\/div>\n<\/div>\n<\/div>\n<div id=\"cmsms_row_69f87c2e9a343\" class=\"cmsms_row cmsms_color_scheme_default\">\n<div class=\"cmsms_row_outer_parent\">\n<div class=\"cmsms_row_outer\">\n<div class=\"cmsms_row_inner\">\n<div class=\"cmsms_row_margin\">\n<div class=\"cmsms_column one_first\">\n<h3 id=\"cmsms_heading_69f87c2e9a398\" class=\"cmsms_heading\">R\u00e9glementation sur l&rsquo;eau<\/h3><div class=\"cmsms_text\">\n<p>La r\u00e9cup\u00e9ration de l\u2019eau de pluie est un acte tout \u00e0 fait l\u00e9gal. N\u00e9anmoins, \u00e0 ce jour, il n\u2019existe pas encore de r\u00e9glementation sp\u00e9cifique r\u00e9gissant l\u2019utilisation de l\u2019eau de pluie avec potabilisation. La l\u00e9gislation sur l\u2019eau \u00e9volue rapidement et nous vous invitons \u00e0 visiter r\u00e9guli\u00e8rement les sites officiels la concernant. Consultez notamment la loi sur l\u2019eau et les milieux aquatiques.<\/p>\n<p>En France conform\u00e9ment \u00e0 l&rsquo;article 641 du code civil, tout propri\u00e9taire a la libre disposition des eaux pluviales qui tombent sur son terrain.<\/p>\n<p><span style=\"color: #ffcc00;\"><strong>Nous rappelons donc, que le client qui utilise nos syst\u00e8mes de r\u00e9cup\u00e9ration d&rsquo;eau de pluie avec potabilisation (Pack Int\u00e9gral), le fait sous son enti\u00e8re responsabilit\u00e9, \u00e0 ce titre il peut proc\u00e9der \u00e0 des contr\u00f4les r\u00e9guliers de la qualit\u00e9 de l&rsquo;eau pour se pr\u00e9munir de tout risque sanitaire. En aucun cas, il pourra tenir La soci\u00e9t\u00e9 welem responsable des probl\u00e8mes sanitaires survenant lors de l&rsquo;utilisation des syst\u00e8mes de r\u00e9cup\u00e9ration d&rsquo;eau pluie avec potabilisation.<\/strong><\/span><\/p>\n<p>Tous nos mat\u00e9riels sont conformes aux normes fran\u00e7aises en mati\u00e8re de traitement de l&rsquo;eau, et sont install\u00e9s dans les r\u00e8gles de l&rsquo;art.<\/p>\n<\/div>\n<\/div>\n<\/div>\n<\/div>\n<\/div>\n<\/div>\n<\/div>\n<div id=\"cmsms_row_69f87c2e9a3c6\" class=\"cmsms_row cmsms_color_scheme_default\">\n<div class=\"cmsms_row_outer_parent\">\n<div class=\"cmsms_row_outer\">\n<div class=\"cmsms_row_inner\">\n<div class=\"cmsms_row_margin\">\n<div class=\"cmsms_column one_half\">\n<div id=\"cmsms_icon_box_69f87c2e9a46c\" class=\"cmsms_icon_box cmsms_box_heading\">\n<div class=\"icon_box_inner\">\n<h3 class=\"cmsms-icon-info-circled\">Plus de renseignement<\/h3>\n<div class=\"icon_box_text\">\n<p>Vous souhaitez plus de renseignement sur \u00e9tudier la faisabilit\u00e9 d&rsquo;un syst\u00e8me r\u00e9cup\u00e9ration eau de pluie.<\/p>\n<\/div>\n<a href=\"\/enr\/contact\" class=\"cmsms_button icon_box_button\">Prenez contact<\/a>\n<\/div>\n<\/div>\n<\/div>\n<div class=\"cmsms_column one_half\">\n<div id=\"cmsms_icon_box_69f87c2e9a4b7\" class=\"cmsms_icon_box cmsms_box_heading\">\n<div class=\"icon_box_inner\">\n<h3 class=\"cmsms-icon-calendar-alt-1\">Gamme r\u00e9cup\u00e9ration eau de pluie<\/h3>\n<div class=\"icon_box_text\">\n<p>Retrouver une partie de notre gamme de produits pour la r\u00e9cup\u00e9ration d&rsquo;eau de pluie sur notre boutique en ligne.<\/p>\n<\/div>\n<a href=\"\/enr\/categorie-produit\/groupes-pompes,citernes,accessoires-rep\/\" class=\"cmsms_button icon_box_button\">Voir les produits<\/a>\n<\/div>\n<\/div>\n<\/div>\n<\/div>\n<\/div>\n<\/div>\n<\/div>\n<\/div>\n\n","protected":false},"excerpt":{"rendered":"","protected":false},"author":75,"featured_media":19065,"parent":0,"menu_order":19,"comment_status":"closed","ping_status":"closed","template":"","meta":{"footnotes":""},"class_list":["post-19054","page","type-page","status-publish","has-post-thumbnail","hentry"],"yoast_head":"<!-- This site is optimized with the Yoast SEO plugin v27.5 - https:\/\/yoast.com\/product\/yoast-seo-wordpress\/ -->\n<title>R\u00e9cup\u00e9ration eau de pluie - WELEM<\/title>\n<meta name=\"robots\" content=\"index, follow, max-snippet:-1, max-image-preview:large, max-video-preview:-1\" \/>\n<link rel=\"canonical\" href=\"https:\/\/welem.com\/enr\/recuperation-eau-de-pluie\/\" \/>\n<meta property=\"og:locale\" content=\"fr_FR\" \/>\n<meta property=\"og:type\" content=\"article\" \/>\n<meta property=\"og:title\" content=\"R\u00e9cup\u00e9ration eau de pluie - WELEM\" \/>\n<meta property=\"og:url\" content=\"https:\/\/welem.com\/enr\/recuperation-eau-de-pluie\/\" \/>\n<meta property=\"og:site_name\" content=\"WELEM\" \/>\n<meta property=\"article:publisher\" content=\"https:\/\/www.facebook.com\/WELEM-105304956191421\" \/>\n<meta property=\"article:modified_time\" content=\"2019-02-25T13:43:18+00:00\" \/>\n<meta property=\"og:image\" content=\"https:\/\/welem.com\/enr\/wp-content\/uploads\/animRecupEau.jpg\" \/>\n\t<meta property=\"og:image:width\" content=\"580\" \/>\n\t<meta property=\"og:image:height\" content=\"580\" \/>\n\t<meta property=\"og:image:type\" content=\"image\/jpeg\" \/>\n<meta name=\"twitter:card\" content=\"summary_large_image\" \/>\n<meta name=\"twitter:site\" content=\"@societewelem\" \/>\n<meta name=\"twitter:label1\" content=\"Dur\u00e9e de lecture estim\u00e9e\" \/>\n\t<meta name=\"twitter:data1\" content=\"8 minutes\" \/>\n<script type=\"application\/ld+json\" class=\"yoast-schema-graph\">{\"@context\":\"https:\\\/\\\/schema.org\",\"@graph\":[{\"@type\":\"WebPage\",\"@id\":\"https:\\\/\\\/welem.com\\\/enr\\\/recuperation-eau-de-pluie\\\/\",\"url\":\"https:\\\/\\\/welem.com\\\/enr\\\/recuperation-eau-de-pluie\\\/\",\"name\":\"R\u00e9cup\u00e9ration eau de pluie - WELEM\",\"isPartOf\":{\"@id\":\"https:\\\/\\\/welem.com\\\/enr\\\/#website\"},\"primaryImageOfPage\":{\"@id\":\"https:\\\/\\\/welem.com\\\/enr\\\/recuperation-eau-de-pluie\\\/#primaryimage\"},\"image\":{\"@id\":\"https:\\\/\\\/welem.com\\\/enr\\\/recuperation-eau-de-pluie\\\/#primaryimage\"},\"thumbnailUrl\":\"https:\\\/\\\/welem.com\\\/enr\\\/wp-content\\\/uploads\\\/animRecupEau.jpg\",\"datePublished\":\"2016-07-30T09:15:49+00:00\",\"dateModified\":\"2019-02-25T13:43:18+00:00\",\"breadcrumb\":{\"@id\":\"https:\\\/\\\/welem.com\\\/enr\\\/recuperation-eau-de-pluie\\\/#breadcrumb\"},\"inLanguage\":\"fr-FR\",\"potentialAction\":[{\"@type\":\"ReadAction\",\"target\":[\"https:\\\/\\\/welem.com\\\/enr\\\/recuperation-eau-de-pluie\\\/\"]}]},{\"@type\":\"ImageObject\",\"inLanguage\":\"fr-FR\",\"@id\":\"https:\\\/\\\/welem.com\\\/enr\\\/recuperation-eau-de-pluie\\\/#primaryimage\",\"url\":\"https:\\\/\\\/welem.com\\\/enr\\\/wp-content\\\/uploads\\\/animRecupEau.jpg\",\"contentUrl\":\"https:\\\/\\\/welem.com\\\/enr\\\/wp-content\\\/uploads\\\/animRecupEau.jpg\",\"width\":580,\"height\":580,\"caption\":\"r\u00e9cup\u00e9ration eau de pluie\"},{\"@type\":\"BreadcrumbList\",\"@id\":\"https:\\\/\\\/welem.com\\\/enr\\\/recuperation-eau-de-pluie\\\/#breadcrumb\",\"itemListElement\":[{\"@type\":\"ListItem\",\"position\":1,\"name\":\"Accueil\",\"item\":\"https:\\\/\\\/welem.com\\\/enr\\\/\"},{\"@type\":\"ListItem\",\"position\":2,\"name\":\"R\u00e9cup\u00e9ration eau de pluie\"}]},{\"@type\":\"WebSite\",\"@id\":\"https:\\\/\\\/welem.com\\\/enr\\\/#website\",\"url\":\"https:\\\/\\\/welem.com\\\/enr\\\/\",\"name\":\"WELEM - L'\u00e9nergie autrement\",\"description\":\"La r\u00e9novation \u00e9nerg\u00e9tique globale\",\"publisher\":{\"@id\":\"https:\\\/\\\/welem.com\\\/enr\\\/#organization\"},\"potentialAction\":[{\"@type\":\"SearchAction\",\"target\":{\"@type\":\"EntryPoint\",\"urlTemplate\":\"https:\\\/\\\/welem.com\\\/enr\\\/?s={search_term_string}\"},\"query-input\":{\"@type\":\"PropertyValueSpecification\",\"valueRequired\":true,\"valueName\":\"search_term_string\"}}],\"inLanguage\":\"fr-FR\"},{\"@type\":\"Organization\",\"@id\":\"https:\\\/\\\/welem.com\\\/enr\\\/#organization\",\"name\":\"WELEM\",\"url\":\"https:\\\/\\\/welem.com\\\/enr\\\/\",\"logo\":{\"@type\":\"ImageObject\",\"inLanguage\":\"fr-FR\",\"@id\":\"https:\\\/\\\/welem.com\\\/enr\\\/#\\\/schema\\\/logo\\\/image\\\/\",\"url\":\"https:\\\/\\\/welem.com\\\/enr\\\/wp-content\\\/uploads\\\/logoWelemRetina.png\",\"contentUrl\":\"https:\\\/\\\/welem.com\\\/enr\\\/wp-content\\\/uploads\\\/logoWelemRetina.png\",\"width\":900,\"height\":311,\"caption\":\"WELEM\"},\"image\":{\"@id\":\"https:\\\/\\\/welem.com\\\/enr\\\/#\\\/schema\\\/logo\\\/image\\\/\"},\"sameAs\":[\"https:\\\/\\\/www.facebook.com\\\/WELEM-105304956191421\",\"https:\\\/\\\/x.com\\\/societewelem\",\"https:\\\/\\\/www.youtube.com\\\/channel\\\/UCx7WBxMNWO_SgykAVYK0xzQ\"]}]}<\/script>\n<!-- \/ Yoast SEO plugin. -->","yoast_head_json":{"title":"R\u00e9cup\u00e9ration eau de pluie - WELEM","robots":{"index":"index","follow":"follow","max-snippet":"max-snippet:-1","max-image-preview":"max-image-preview:large","max-video-preview":"max-video-preview:-1"},"canonical":"https:\/\/welem.com\/enr\/recuperation-eau-de-pluie\/","og_locale":"fr_FR","og_type":"article","og_title":"R\u00e9cup\u00e9ration eau de pluie - WELEM","og_url":"https:\/\/welem.com\/enr\/recuperation-eau-de-pluie\/","og_site_name":"WELEM","article_publisher":"https:\/\/www.facebook.com\/WELEM-105304956191421","article_modified_time":"2019-02-25T13:43:18+00:00","og_image":[{"width":580,"height":580,"url":"https:\/\/welem.com\/enr\/wp-content\/uploads\/animRecupEau.jpg","type":"image\/jpeg"}],"twitter_card":"summary_large_image","twitter_site":"@societewelem","twitter_misc":{"Dur\u00e9e de lecture estim\u00e9e":"8 minutes"},"schema":{"@context":"https:\/\/schema.org","@graph":[{"@type":"WebPage","@id":"https:\/\/welem.com\/enr\/recuperation-eau-de-pluie\/","url":"https:\/\/welem.com\/enr\/recuperation-eau-de-pluie\/","name":"R\u00e9cup\u00e9ration eau de pluie - WELEM","isPartOf":{"@id":"https:\/\/welem.com\/enr\/#website"},"primaryImageOfPage":{"@id":"https:\/\/welem.com\/enr\/recuperation-eau-de-pluie\/#primaryimage"},"image":{"@id":"https:\/\/welem.com\/enr\/recuperation-eau-de-pluie\/#primaryimage"},"thumbnailUrl":"https:\/\/welem.com\/enr\/wp-content\/uploads\/animRecupEau.jpg","datePublished":"2016-07-30T09:15:49+00:00","dateModified":"2019-02-25T13:43:18+00:00","breadcrumb":{"@id":"https:\/\/welem.com\/enr\/recuperation-eau-de-pluie\/#breadcrumb"},"inLanguage":"fr-FR","potentialAction":[{"@type":"ReadAction","target":["https:\/\/welem.com\/enr\/recuperation-eau-de-pluie\/"]}]},{"@type":"ImageObject","inLanguage":"fr-FR","@id":"https:\/\/welem.com\/enr\/recuperation-eau-de-pluie\/#primaryimage","url":"https:\/\/welem.com\/enr\/wp-content\/uploads\/animRecupEau.jpg","contentUrl":"https:\/\/welem.com\/enr\/wp-content\/uploads\/animRecupEau.jpg","width":580,"height":580,"caption":"r\u00e9cup\u00e9ration eau de pluie"},{"@type":"BreadcrumbList","@id":"https:\/\/welem.com\/enr\/recuperation-eau-de-pluie\/#breadcrumb","itemListElement":[{"@type":"ListItem","position":1,"name":"Accueil","item":"https:\/\/welem.com\/enr\/"},{"@type":"ListItem","position":2,"name":"R\u00e9cup\u00e9ration eau de pluie"}]},{"@type":"WebSite","@id":"https:\/\/welem.com\/enr\/#website","url":"https:\/\/welem.com\/enr\/","name":"WELEM - L'\u00e9nergie autrement","description":"La r\u00e9novation \u00e9nerg\u00e9tique globale","publisher":{"@id":"https:\/\/welem.com\/enr\/#organization"},"potentialAction":[{"@type":"SearchAction","target":{"@type":"EntryPoint","urlTemplate":"https:\/\/welem.com\/enr\/?s={search_term_string}"},"query-input":{"@type":"PropertyValueSpecification","valueRequired":true,"valueName":"search_term_string"}}],"inLanguage":"fr-FR"},{"@type":"Organization","@id":"https:\/\/welem.com\/enr\/#organization","name":"WELEM","url":"https:\/\/welem.com\/enr\/","logo":{"@type":"ImageObject","inLanguage":"fr-FR","@id":"https:\/\/welem.com\/enr\/#\/schema\/logo\/image\/","url":"https:\/\/welem.com\/enr\/wp-content\/uploads\/logoWelemRetina.png","contentUrl":"https:\/\/welem.com\/enr\/wp-content\/uploads\/logoWelemRetina.png","width":900,"height":311,"caption":"WELEM"},"image":{"@id":"https:\/\/welem.com\/enr\/#\/schema\/logo\/image\/"},"sameAs":["https:\/\/www.facebook.com\/WELEM-105304956191421","https:\/\/x.com\/societewelem","https:\/\/www.youtube.com\/channel\/UCx7WBxMNWO_SgykAVYK0xzQ"]}]}},"_links":{"self":[{"href":"https:\/\/welem.com\/enr\/wp-json\/wp\/v2\/pages\/19054","targetHints":{"allow":["GET"]}}],"collection":[{"href":"https:\/\/welem.com\/enr\/wp-json\/wp\/v2\/pages"}],"about":[{"href":"https:\/\/welem.com\/enr\/wp-json\/wp\/v2\/types\/page"}],"author":[{"embeddable":true,"href":"https:\/\/welem.com\/enr\/wp-json\/wp\/v2\/users\/75"}],"replies":[{"embeddable":true,"href":"https:\/\/welem.com\/enr\/wp-json\/wp\/v2\/comments?post=19054"}],"version-history":[{"count":0,"href":"https:\/\/welem.com\/enr\/wp-json\/wp\/v2\/pages\/19054\/revisions"}],"wp:featuredmedia":[{"embeddable":true,"href":"https:\/\/welem.com\/enr\/wp-json\/wp\/v2\/media\/19065"}],"wp:attachment":[{"href":"https:\/\/welem.com\/enr\/wp-json\/wp\/v2\/media?parent=19054"}],"curies":[{"name":"wp","href":"https:\/\/api.w.org\/{rel}","templated":true}]}}