{"id":86246,"date":"2025-07-27T20:34:34","date_gmt":"2025-07-27T18:34:34","guid":{"rendered":"https:\/\/welem.com\/enr\/?page_id=86246"},"modified":"2025-10-14T09:16:50","modified_gmt":"2025-10-14T07:16:50","slug":"isolation-ecologique-par-linterieur","status":"publish","type":"page","link":"https:\/\/welem.com\/enr\/isolation-ecologique-par-linterieur\/","title":{"rendered":"Isolation \u00e9cologique par l&rsquo;int\u00e9rieur"},"content":{"rendered":"<style type=\"text\/css\"> \n#cmsms_row_69f5611b03392 .cmsms_row_outer_parent { \n\tpadding-top: 30px; \n} \n\n#cmsms_row_69f5611b03392 .cmsms_row_outer_parent { \n\tpadding-bottom: 10px; \n} \n\n \n#cmsms_heading_69f5611b03454, #cmsms_heading_69f5611b03454 a { \n\tfont-weight:400; \n\tfont-style:normal; \n\tmargin-top:0px; \n\tmargin-bottom:20px; \n} \n \n#cmsms_row_69f5611b0354d .cmsms_row_outer_parent { \n\tpadding-top: 0px; \n} \n\n#cmsms_row_69f5611b0354d .cmsms_row_outer_parent { \n\tpadding-bottom: 10px; \n} \n\n \n#cmsms_heading_69f5611b03979, #cmsms_heading_69f5611b03979 a { \n\tfont-weight:400; \n\tfont-style:normal; \n\tmargin-top:0px; \n\tmargin-bottom:10px; \n} \n \n#cmsms_row_69f5611b0399e .cmsms_row_outer_parent { \n\tpadding-top: 0px; \n} \n\n#cmsms_row_69f5611b0399e .cmsms_row_outer_parent { \n\tpadding-bottom: 10px; \n} \n\n \n#cmsms_heading_69f5611b03d22, #cmsms_heading_69f5611b03d22 a { \n\tfont-weight:400; \n\tfont-style:normal; \n\tmargin-top:0px; \n\tmargin-bottom:10px; \n} \n \n#cmsms_row_69f5611b03d49 .cmsms_row_outer_parent { \n\tpadding-top: 0px; \n} \n\n#cmsms_row_69f5611b03d49 .cmsms_row_outer_parent { \n\tpadding-bottom: 10px; \n} \n\n \n#cmsms_heading_69f5611b040a6, #cmsms_heading_69f5611b040a6 a { \n\tfont-weight:400; \n\tfont-style:normal; \n\tmargin-top:0px; \n\tmargin-bottom:10px; \n} \n \n#cmsms_row_69f5611b040ce .cmsms_row_outer_parent { \n\tpadding-top: 0px; \n} \n\n#cmsms_row_69f5611b040ce .cmsms_row_outer_parent { \n\tpadding-bottom: 30px; \n} \n\n \n#cmsms_heading_69f5611b04436, #cmsms_heading_69f5611b04436 a { \n\tfont-weight:400; \n\tfont-style:normal; \n\tmargin-top:0px; \n\tmargin-bottom:10px; \n} \n \n#cmsms_row_69f5611b04463 .cmsms_row_outer_parent { \n\tpadding-top: 0px; \n} \n\n#cmsms_row_69f5611b04463 .cmsms_row_outer_parent { \n\tpadding-bottom: 50px; \n} \n\n \n#cmsms_icon_box_69f5611b0450d h1:before { \n\tcolor:#bfd029; \n} \n#cmsms_icon_box_69f5611b0450d .cmsms_button { \n\tfont-weight:100; \n\tfont-style:normal; \n\tpadding-right:20px; \n\tpadding-left:20px; \n} \n#cmsms_icon_box_69f5611b0450d .cmsms_button:hover { \n} \n<\/style><div id=\"cmsms_row_69f5611b03392\" class=\"cmsms_row cmsms_color_scheme_default\">\n<div class=\"cmsms_row_outer_parent\">\n<div class=\"cmsms_row_outer\">\n<div class=\"cmsms_row_inner\">\n<div class=\"cmsms_row_margin\">\n<div class=\"cmsms_column one_first\">\n<h3 id=\"cmsms_heading_69f5611b03454\" class=\"cmsms_heading\">Services et Prestations<\/h3><div class=\"cmsms_text\">\n<p>Nous accompagnons les particuliers dans le choix de la solution d\u2019isolation la plus adapt\u00e9e \u00e0 leur logement, en tenant compte des sp\u00e9cificit\u00e9s du b\u00e2ti (anciennet\u00e9, remont\u00e9es capillaires, \u00e9tat structurel, etc.).<br data-start=\"315\" data-end=\"318\" \/>Nous proposons une gamme compl\u00e8te de prestations de pose d\u2019isolation par l\u2019int\u00e9rieur, visant \u00e0 am\u00e9liorer durablement la performance \u00e9nerg\u00e9tique des habitations.<br data-start=\"478\" data-end=\"481\" \/>Dans une d\u00e9marche responsable, nous privil\u00e9gions l\u2019utilisation de mat\u00e9riaux \u00e9cologiques et biosourc\u00e9s, comme la laine de bois , laine de coton recycl\u00e9e ou panneaux de li\u00e8ge. Enfin, nous avons le label\u00a0<strong data-start=\"266\" data-end=\"290\">Artisan Maison Passive<\/strong> et <strong data-start=\"266\" data-end=\"290\">RGE Qualibat<\/strong>, gage de qualit\u00e9, de performance et d\u2019\u00e9ligibilit\u00e9 aux aides publiques.<\/p>\n<\/div>\n<\/div>\n<\/div>\n<\/div>\n<\/div>\n<\/div>\n<\/div>\n<div id=\"cmsms_row_69f5611b0354d\" class=\"cmsms_row cmsms_color_scheme_default\">\n<div class=\"cmsms_row_outer_parent\">\n<div class=\"cmsms_row_outer\">\n<div class=\"cmsms_row_inner\">\n<div class=\"cmsms_row_margin\">\n<div class=\"cmsms_column one_fourth\" data-animation=\"bounceInLeft\" data-delay=\"500\">\n<div class=\"aligncenter\">\n<div class=\"cmsms_img  cmsms_image_c\">\n<img decoding=\"async\" src=\"https:\/\/welem.com\/enr\/wp-content\/uploads\/murFibreBois-300x300.jpg\" \/>\n<\/div>\n<\/div>\n<\/div>\n<div class=\"cmsms_column three_fourth\" data-animation=\"bounceInRight\" data-delay=\"500\">\n<h4 id=\"cmsms_heading_69f5611b03979\" class=\"cmsms_heading\">Isolation des murs int\u00e9rieurs<\/h4><div class=\"cmsms_text\">\n<p>L&rsquo;isolation des murs int\u00e9rieurs est une solution discr\u00e8te et efficace pour limiter les d\u00e9perditions thermiques de votre logement. Nous r\u00e9alisons l\u2019isolation des murs p\u00e9riph\u00e9riques avec un syst\u00e8me garantissant une rupture des ponts thermiques et l\u2019\u00e9tanch\u00e9it\u00e9 \u00e0 l&rsquo;air parfaite pour limiter les risques de moisissures. Gr\u00e2ce \u00e0 notre exp\u00e9rience en isolation, am\u00e9nagement int\u00e9rieur et cloison s\u00e8che, nous vous accompagnons dans un projet sur mesure. Les murs p\u00e9riph\u00e9riques repr\u00e9sentent jusqu\u2019\u00e0 25 % des pertes \u00e9nerg\u00e9tiques, d\u2019o\u00f9 l\u2019importance d\u2019une coordination rigoureuse entre les corps de m\u00e9tier et d\u2019une \u00e9coute attentive du client \u00e0 chaque \u00e9tape.<\/p>\n<\/div>\n<\/div>\n<\/div>\n<\/div>\n<\/div>\n<\/div>\n<\/div>\n<div id=\"cmsms_row_69f5611b0399e\" class=\"cmsms_row cmsms_color_scheme_default\">\n<div class=\"cmsms_row_outer_parent\">\n<div class=\"cmsms_row_outer\">\n<div class=\"cmsms_row_inner\">\n<div class=\"cmsms_row_margin\">\n<div class=\"cmsms_column one_fourth\" data-animation=\"bounceInLeft\" data-delay=\"650\">\n<div class=\"cmsms_img  cmsms_image_n\">\n<img decoding=\"async\" src=\"https:\/\/welem.com\/enr\/wp-content\/uploads\/plancherBasLaineCoton-300x300.jpg\" \/>\n<\/div>\n<\/div>\n<div class=\"cmsms_column three_fourth\" data-animation=\"bounceInRight\" data-delay=\"650\">\n<h4 id=\"cmsms_heading_69f5611b03d22\" class=\"cmsms_heading\">Isolation du plancher bas<\/h4><div class=\"cmsms_text\">\n<p data-start=\"184\" data-end=\"428\">L\u2019isolation du plancher bas constitue une <strong data-start=\"226\" data-end=\"257\">barri\u00e8re thermique efficace<\/strong> contre les pertes de chaleur par le sous-sol, la cave, le vide sanitaire ou le garage. Ces zones repr\u00e9sentent <strong data-start=\"368\" data-end=\"414\">jusqu\u2019\u00e0 20 % des d\u00e9perditions \u00e9nerg\u00e9tiques<\/strong> d\u2019une maison. Si une pi\u00e8ce de vie est situ\u00e9e au-dessus d\u2019un garage ou d\u2019un sous-sol, l\u2019isolation devient d\u2019autant plus strat\u00e9gique : elle <strong data-start=\"554\" data-end=\"587\">supprime les ponts thermiques<\/strong> et am\u00e9liore consid\u00e9rablement le confort int\u00e9rieur. Notre \u00e9quipe intervient en posant un isolant adapt\u00e9 aux caract\u00e9ristiques de votre habitation, s\u00e9lectionn\u00e9 selon <strong data-start=\"752\" data-end=\"785\">une \u00e9tude technique pr\u00e9alable<\/strong> et vos objectifs de performance (thermique, acoustique, \u00e9cologique\u2026).<\/p>\n<\/div>\n<\/div>\n<\/div>\n<\/div>\n<\/div>\n<\/div>\n<\/div>\n<div id=\"cmsms_row_69f5611b03d49\" class=\"cmsms_row cmsms_color_scheme_default\">\n<div class=\"cmsms_row_outer_parent\">\n<div class=\"cmsms_row_outer\">\n<div class=\"cmsms_row_inner\">\n<div class=\"cmsms_row_margin\">\n<div class=\"cmsms_column one_fourth\" data-animation=\"bounceInLeft\" data-delay=\"800\">\n<div class=\"aligncenter\">\n<div class=\"cmsms_img  cmsms_image_c\">\n<img decoding=\"async\" src=\"https:\/\/welem.com\/enr\/wp-content\/uploads\/comblesFibreBois-300x300.jpg\" \/>\n<\/div>\n<\/div>\n<\/div>\n<div class=\"cmsms_column three_fourth\" data-animation=\"bounceInRight\" data-delay=\"800\">\n<h4 id=\"cmsms_heading_69f5611b040a6\" class=\"cmsms_heading\">Isolation des combles et rampants<\/h4><div class=\"cmsms_text\">\n<p data-start=\"126\" data-end=\"371\">La toiture est la <strong data-start=\"144\" data-end=\"188\">premi\u00e8re source de d\u00e9perdition thermique<\/strong> d\u2019un logement (jusqu\u2019\u00e0 30 %).<br data-start=\"218\" data-end=\"221\" \/>Isoler vos combles qu\u2019ils soient perdus ou am\u00e9nag\u00e9s permet de <strong data-start=\"287\" data-end=\"324\">r\u00e9duire vos factures de chauffage<\/strong> et d\u2019<strong data-start=\"330\" data-end=\"370\">am\u00e9liorer le confort \u00e9t\u00e9 comme hiver<\/strong>. Nous intervenons sur les <strong data-start=\"398\" data-end=\"437\">pentes de toit, pignons et rampants<\/strong>, avec une mise en \u0153uvre soign\u00e9e et durable. Nos isolants <strong data-start=\"497\" data-end=\"511\">biosourc\u00e9s<\/strong> (fibre de bois, coton recycl\u00e9) sont <strong data-start=\"557\" data-end=\"585\">\u00e9cologiques, performants<\/strong> et fabriqu\u00e9s en France.<\/p>\n<\/div>\n<\/div>\n<\/div>\n<\/div>\n<\/div>\n<\/div>\n<\/div>\n<div id=\"cmsms_row_69f5611b040ce\" class=\"cmsms_row cmsms_color_scheme_default\">\n<div class=\"cmsms_row_outer_parent\">\n<div class=\"cmsms_row_outer\">\n<div class=\"cmsms_row_inner\">\n<div class=\"cmsms_row_margin\">\n<div class=\"cmsms_column one_fourth\" data-animation=\"bounceInLeft\" data-delay=\"950\">\n<div class=\"cmsms_img  cmsms_image_n\">\n<img decoding=\"async\" src=\"https:\/\/welem.com\/enr\/wp-content\/uploads\/amenagementInterieur-300x300.jpg\" \/>\n<\/div>\n<\/div>\n<div class=\"cmsms_column three_fourth\" data-animation=\"bounceInRight\" data-delay=\"950\">\n<h4 id=\"cmsms_heading_69f5611b04436\" class=\"cmsms_heading\">Am\u00e9nagements int\u00e9rieurs<\/h4><div class=\"cmsms_text\">\n<p data-start=\"170\" data-end=\"309\">Pose de cloisons, plafonds et isolants pour <strong data-start=\"214\" data-end=\"242\">restructurer les espaces<\/strong> tout en <strong data-start=\"251\" data-end=\"290\">am\u00e9liorant l\u2019efficacit\u00e9 \u00e9nerg\u00e9tique<\/strong> de votre logement. Nos \u00e9quipes interviennent dans le cadre de projets de r\u00e9novation pour <strong data-start=\"381\" data-end=\"441\">isoler et am\u00e9nager l\u2019ensemble des pi\u00e8ces de votre maison<\/strong>, en associant confort thermique, isolation phonique et finitions soign\u00e9es. Chaque intervention vise \u00e0 <strong data-start=\"546\" data-end=\"585\">r\u00e9duire les d\u00e9perditions de chaleur<\/strong>, limiter les nuisances sonores et vous permettre de <strong data-start=\"638\" data-end=\"683\">r\u00e9aliser des \u00e9conomies d\u2019\u00e9nergie durables<\/strong>.<\/p>\n<\/div>\n<\/div>\n<\/div>\n<\/div>\n<\/div>\n<\/div>\n<\/div>\n<div id=\"cmsms_row_69f5611b04463\" class=\"cmsms_row cmsms_color_scheme_default\">\n<div class=\"cmsms_row_outer_parent\">\n<div class=\"cmsms_row_outer\">\n<div class=\"cmsms_row_inner\">\n<div class=\"cmsms_row_margin\">\n<div class=\"cmsms_column one_first\">\n<div id=\"cmsms_icon_box_69f5611b0450d\" class=\"cmsms_icon_box cmsms_box_heading\">\n<div class=\"icon_box_inner\">\n<h3 class=\"cmsms-icon-info-circled\">Plus de renseignement<\/h3>\n<div class=\"icon_box_text\">\n<p>Vous souhaitez plus de renseignement pour isoler et am\u00e9nager votre maison<\/p>\n<\/div>\n<a href=\"\/enr\/contact\" class=\"cmsms_button icon_box_button\">Prenez contact<\/a>\n<\/div>\n<\/div>\n<\/div>\n<\/div>\n<\/div>\n<\/div>\n<\/div>\n<\/div>\n\n","protected":false},"excerpt":{"rendered":"","protected":false},"author":75,"featured_media":86259,"parent":0,"menu_order":0,"comment_status":"closed","ping_status":"closed","template":"","meta":{"footnotes":""},"class_list":["post-86246","page","type-page","status-publish","has-post-thumbnail","hentry"],"yoast_head":"<!-- This site is optimized with the Yoast SEO plugin v27.5 - https:\/\/yoast.com\/product\/yoast-seo-wordpress\/ -->\n<title>Isolation \u00e9cologique par l&#039;int\u00e9rieur - WELEM<\/title>\n<meta name=\"robots\" content=\"index, follow, max-snippet:-1, max-image-preview:large, max-video-preview:-1\" \/>\n<link rel=\"canonical\" href=\"https:\/\/welem.com\/enr\/isolation-ecologique-par-linterieur\/\" \/>\n<meta property=\"og:locale\" content=\"fr_FR\" \/>\n<meta property=\"og:type\" content=\"article\" \/>\n<meta property=\"og:title\" content=\"Isolation \u00e9cologique par l&#039;int\u00e9rieur - WELEM\" \/>\n<meta property=\"og:url\" content=\"https:\/\/welem.com\/enr\/isolation-ecologique-par-linterieur\/\" \/>\n<meta property=\"og:site_name\" content=\"WELEM\" \/>\n<meta property=\"article:publisher\" content=\"https:\/\/www.facebook.com\/WELEM-105304956191421\" \/>\n<meta property=\"article:modified_time\" content=\"2025-10-14T07:16:50+00:00\" \/>\n<meta property=\"og:image\" content=\"https:\/\/welem.com\/enr\/wp-content\/uploads\/comblesFibreBois.jpg\" \/>\n\t<meta property=\"og:image:width\" content=\"500\" \/>\n\t<meta property=\"og:image:height\" content=\"500\" \/>\n\t<meta property=\"og:image:type\" content=\"image\/jpeg\" \/>\n<meta name=\"twitter:card\" content=\"summary_large_image\" \/>\n<meta name=\"twitter:site\" content=\"@societewelem\" \/>\n<meta name=\"twitter:label1\" content=\"Dur\u00e9e de lecture estim\u00e9e\" \/>\n\t<meta name=\"twitter:data1\" content=\"4 minutes\" \/>\n<script type=\"application\/ld+json\" class=\"yoast-schema-graph\">{\"@context\":\"https:\\\/\\\/schema.org\",\"@graph\":[{\"@type\":\"WebPage\",\"@id\":\"https:\\\/\\\/welem.com\\\/enr\\\/isolation-ecologique-par-linterieur\\\/\",\"url\":\"https:\\\/\\\/welem.com\\\/enr\\\/isolation-ecologique-par-linterieur\\\/\",\"name\":\"Isolation \u00e9cologique par l'int\u00e9rieur - WELEM\",\"isPartOf\":{\"@id\":\"https:\\\/\\\/welem.com\\\/enr\\\/#website\"},\"primaryImageOfPage\":{\"@id\":\"https:\\\/\\\/welem.com\\\/enr\\\/isolation-ecologique-par-linterieur\\\/#primaryimage\"},\"image\":{\"@id\":\"https:\\\/\\\/welem.com\\\/enr\\\/isolation-ecologique-par-linterieur\\\/#primaryimage\"},\"thumbnailUrl\":\"https:\\\/\\\/welem.com\\\/enr\\\/wp-content\\\/uploads\\\/comblesFibreBois.jpg\",\"datePublished\":\"2025-07-27T18:34:34+00:00\",\"dateModified\":\"2025-10-14T07:16:50+00:00\",\"breadcrumb\":{\"@id\":\"https:\\\/\\\/welem.com\\\/enr\\\/isolation-ecologique-par-linterieur\\\/#breadcrumb\"},\"inLanguage\":\"fr-FR\",\"potentialAction\":[{\"@type\":\"ReadAction\",\"target\":[\"https:\\\/\\\/welem.com\\\/enr\\\/isolation-ecologique-par-linterieur\\\/\"]}]},{\"@type\":\"ImageObject\",\"inLanguage\":\"fr-FR\",\"@id\":\"https:\\\/\\\/welem.com\\\/enr\\\/isolation-ecologique-par-linterieur\\\/#primaryimage\",\"url\":\"https:\\\/\\\/welem.com\\\/enr\\\/wp-content\\\/uploads\\\/comblesFibreBois.jpg\",\"contentUrl\":\"https:\\\/\\\/welem.com\\\/enr\\\/wp-content\\\/uploads\\\/comblesFibreBois.jpg\",\"width\":500,\"height\":500},{\"@type\":\"BreadcrumbList\",\"@id\":\"https:\\\/\\\/welem.com\\\/enr\\\/isolation-ecologique-par-linterieur\\\/#breadcrumb\",\"itemListElement\":[{\"@type\":\"ListItem\",\"position\":1,\"name\":\"Accueil\",\"item\":\"https:\\\/\\\/welem.com\\\/enr\\\/\"},{\"@type\":\"ListItem\",\"position\":2,\"name\":\"Isolation \u00e9cologique par l&rsquo;int\u00e9rieur\"}]},{\"@type\":\"WebSite\",\"@id\":\"https:\\\/\\\/welem.com\\\/enr\\\/#website\",\"url\":\"https:\\\/\\\/welem.com\\\/enr\\\/\",\"name\":\"WELEM - L'\u00e9nergie autrement\",\"description\":\"La r\u00e9novation \u00e9nerg\u00e9tique globale\",\"publisher\":{\"@id\":\"https:\\\/\\\/welem.com\\\/enr\\\/#organization\"},\"potentialAction\":[{\"@type\":\"SearchAction\",\"target\":{\"@type\":\"EntryPoint\",\"urlTemplate\":\"https:\\\/\\\/welem.com\\\/enr\\\/?s={search_term_string}\"},\"query-input\":{\"@type\":\"PropertyValueSpecification\",\"valueRequired\":true,\"valueName\":\"search_term_string\"}}],\"inLanguage\":\"fr-FR\"},{\"@type\":\"Organization\",\"@id\":\"https:\\\/\\\/welem.com\\\/enr\\\/#organization\",\"name\":\"WELEM\",\"url\":\"https:\\\/\\\/welem.com\\\/enr\\\/\",\"logo\":{\"@type\":\"ImageObject\",\"inLanguage\":\"fr-FR\",\"@id\":\"https:\\\/\\\/welem.com\\\/enr\\\/#\\\/schema\\\/logo\\\/image\\\/\",\"url\":\"https:\\\/\\\/welem.com\\\/enr\\\/wp-content\\\/uploads\\\/logoWelemRetina.png\",\"contentUrl\":\"https:\\\/\\\/welem.com\\\/enr\\\/wp-content\\\/uploads\\\/logoWelemRetina.png\",\"width\":900,\"height\":311,\"caption\":\"WELEM\"},\"image\":{\"@id\":\"https:\\\/\\\/welem.com\\\/enr\\\/#\\\/schema\\\/logo\\\/image\\\/\"},\"sameAs\":[\"https:\\\/\\\/www.facebook.com\\\/WELEM-105304956191421\",\"https:\\\/\\\/x.com\\\/societewelem\",\"https:\\\/\\\/www.youtube.com\\\/channel\\\/UCx7WBxMNWO_SgykAVYK0xzQ\"]}]}<\/script>\n<!-- \/ Yoast SEO plugin. -->","yoast_head_json":{"title":"Isolation \u00e9cologique par l'int\u00e9rieur - WELEM","robots":{"index":"index","follow":"follow","max-snippet":"max-snippet:-1","max-image-preview":"max-image-preview:large","max-video-preview":"max-video-preview:-1"},"canonical":"https:\/\/welem.com\/enr\/isolation-ecologique-par-linterieur\/","og_locale":"fr_FR","og_type":"article","og_title":"Isolation \u00e9cologique par l'int\u00e9rieur - WELEM","og_url":"https:\/\/welem.com\/enr\/isolation-ecologique-par-linterieur\/","og_site_name":"WELEM","article_publisher":"https:\/\/www.facebook.com\/WELEM-105304956191421","article_modified_time":"2025-10-14T07:16:50+00:00","og_image":[{"width":500,"height":500,"url":"https:\/\/welem.com\/enr\/wp-content\/uploads\/comblesFibreBois.jpg","type":"image\/jpeg"}],"twitter_card":"summary_large_image","twitter_site":"@societewelem","twitter_misc":{"Dur\u00e9e de lecture estim\u00e9e":"4 minutes"},"schema":{"@context":"https:\/\/schema.org","@graph":[{"@type":"WebPage","@id":"https:\/\/welem.com\/enr\/isolation-ecologique-par-linterieur\/","url":"https:\/\/welem.com\/enr\/isolation-ecologique-par-linterieur\/","name":"Isolation \u00e9cologique par l'int\u00e9rieur - WELEM","isPartOf":{"@id":"https:\/\/welem.com\/enr\/#website"},"primaryImageOfPage":{"@id":"https:\/\/welem.com\/enr\/isolation-ecologique-par-linterieur\/#primaryimage"},"image":{"@id":"https:\/\/welem.com\/enr\/isolation-ecologique-par-linterieur\/#primaryimage"},"thumbnailUrl":"https:\/\/welem.com\/enr\/wp-content\/uploads\/comblesFibreBois.jpg","datePublished":"2025-07-27T18:34:34+00:00","dateModified":"2025-10-14T07:16:50+00:00","breadcrumb":{"@id":"https:\/\/welem.com\/enr\/isolation-ecologique-par-linterieur\/#breadcrumb"},"inLanguage":"fr-FR","potentialAction":[{"@type":"ReadAction","target":["https:\/\/welem.com\/enr\/isolation-ecologique-par-linterieur\/"]}]},{"@type":"ImageObject","inLanguage":"fr-FR","@id":"https:\/\/welem.com\/enr\/isolation-ecologique-par-linterieur\/#primaryimage","url":"https:\/\/welem.com\/enr\/wp-content\/uploads\/comblesFibreBois.jpg","contentUrl":"https:\/\/welem.com\/enr\/wp-content\/uploads\/comblesFibreBois.jpg","width":500,"height":500},{"@type":"BreadcrumbList","@id":"https:\/\/welem.com\/enr\/isolation-ecologique-par-linterieur\/#breadcrumb","itemListElement":[{"@type":"ListItem","position":1,"name":"Accueil","item":"https:\/\/welem.com\/enr\/"},{"@type":"ListItem","position":2,"name":"Isolation \u00e9cologique par l&rsquo;int\u00e9rieur"}]},{"@type":"WebSite","@id":"https:\/\/welem.com\/enr\/#website","url":"https:\/\/welem.com\/enr\/","name":"WELEM - L'\u00e9nergie autrement","description":"La r\u00e9novation \u00e9nerg\u00e9tique globale","publisher":{"@id":"https:\/\/welem.com\/enr\/#organization"},"potentialAction":[{"@type":"SearchAction","target":{"@type":"EntryPoint","urlTemplate":"https:\/\/welem.com\/enr\/?s={search_term_string}"},"query-input":{"@type":"PropertyValueSpecification","valueRequired":true,"valueName":"search_term_string"}}],"inLanguage":"fr-FR"},{"@type":"Organization","@id":"https:\/\/welem.com\/enr\/#organization","name":"WELEM","url":"https:\/\/welem.com\/enr\/","logo":{"@type":"ImageObject","inLanguage":"fr-FR","@id":"https:\/\/welem.com\/enr\/#\/schema\/logo\/image\/","url":"https:\/\/welem.com\/enr\/wp-content\/uploads\/logoWelemRetina.png","contentUrl":"https:\/\/welem.com\/enr\/wp-content\/uploads\/logoWelemRetina.png","width":900,"height":311,"caption":"WELEM"},"image":{"@id":"https:\/\/welem.com\/enr\/#\/schema\/logo\/image\/"},"sameAs":["https:\/\/www.facebook.com\/WELEM-105304956191421","https:\/\/x.com\/societewelem","https:\/\/www.youtube.com\/channel\/UCx7WBxMNWO_SgykAVYK0xzQ"]}]}},"_links":{"self":[{"href":"https:\/\/welem.com\/enr\/wp-json\/wp\/v2\/pages\/86246","targetHints":{"allow":["GET"]}}],"collection":[{"href":"https:\/\/welem.com\/enr\/wp-json\/wp\/v2\/pages"}],"about":[{"href":"https:\/\/welem.com\/enr\/wp-json\/wp\/v2\/types\/page"}],"author":[{"embeddable":true,"href":"https:\/\/welem.com\/enr\/wp-json\/wp\/v2\/users\/75"}],"replies":[{"embeddable":true,"href":"https:\/\/welem.com\/enr\/wp-json\/wp\/v2\/comments?post=86246"}],"version-history":[{"count":0,"href":"https:\/\/welem.com\/enr\/wp-json\/wp\/v2\/pages\/86246\/revisions"}],"wp:featuredmedia":[{"embeddable":true,"href":"https:\/\/welem.com\/enr\/wp-json\/wp\/v2\/media\/86259"}],"wp:attachment":[{"href":"https:\/\/welem.com\/enr\/wp-json\/wp\/v2\/media?parent=86246"}],"curies":[{"name":"wp","href":"https:\/\/api.w.org\/{rel}","templated":true}]}}