{"id":21564,"date":"2015-11-30T00:00:00","date_gmt":"2015-11-29T23:00:00","guid":{"rendered":"http:\/\/welem.com\/enr\/shop\/non%20class\u00e9\/dorica-wood-8-ceramique-beige-85-kw-buches\/"},"modified":"2024-07-10T15:20:13","modified_gmt":"2024-07-10T13:20:13","slug":"mon-amour-metal-gris-anthracite-6-kw-pellet","status":"publish","type":"product","link":"https:\/\/welem.com\/enr\/produit\/mon-amour-metal-gris-anthracite-6-kw-pellet\/","title":{"rendered":"MON AMOUR m\u00e9tal gris anthracite 6 kW (pellet)"},"content":{"rendered":"<style type=\"text\/css\"><\/style><p>Po\u00eale \u00e0 pellet design de la Gamme Air, extr\u00eamement compact poss\u00e9dant un rapport encombrement\/puissance redoutable.<br \/>Silencieux et b\u00e9n\u00e9ficiant de la finition THERMOROSSI, il allie br\u00fbleur en fonte, fond de foyer en fonte et structure en acier de haute qualit\u00e9.<br \/>Option t\u00e9l\u00e9commande Thermostart ou thermoconfort incluse<br \/>Puissance de 2,8 \u00e0 6,7kW<br \/>Rendement :87,6 %<br \/>r\u00e9serve : 14kg<\/p>\n","protected":false},"excerpt":{"rendered":"<p>Po\u00eale \u00e0 pellet design de la Gamme Air, extr\u00eamement compact poss\u00e9dant un rapport encombrement\/puissance redoutable.Silencieux et b\u00e9n\u00e9ficiant de la finition THERMOROSSI, il allie br\u00fbleur en fonte, fond de foyer en fonte et structure en acier de haute qualit\u00e9.Option t\u00e9l\u00e9commande Thermostart ou thermoconfort inclusePuissance de 2,8 \u00e0 6,7kWRendement :87,6 %r\u00e9serve : 14kg<\/p>\n","protected":false},"featured_media":72164,"comment_status":"closed","ping_status":"closed","template":"","meta":[],"product_brand":[],"product_cat":[7],"product_tag":[56],"class_list":{"0":"post-21564","1":"product","2":"type-product","3":"status-publish","4":"has-post-thumbnail","6":"product_cat-poeles","7":"product_tag-pellets","8":"product_shipping_class-transport-produits-welem","9":"pa_supplier-thermorossi","11":"first","12":"instock","13":"taxable","14":"shipping-taxable","15":"purchasable","16":"product-type-simple"},"yoast_head":"<!-- This site is optimized with the Yoast SEO plugin v27.3 - https:\/\/yoast.com\/product\/yoast-seo-wordpress\/ -->\n<title>MON AMOUR m\u00e9tal gris anthracite 6 kW (pellet) - WELEM<\/title>\n<meta name=\"robots\" content=\"index, follow, max-snippet:-1, max-image-preview:large, max-video-preview:-1\" \/>\n<link rel=\"canonical\" href=\"https:\/\/welem.com\/enr\/produit\/mon-amour-metal-gris-anthracite-6-kw-pellet\/\" \/>\n<meta property=\"og:locale\" content=\"fr_FR\" \/>\n<meta property=\"og:type\" content=\"article\" \/>\n<meta property=\"og:title\" content=\"MON AMOUR m\u00e9tal gris anthracite 6 kW (pellet) - WELEM\" \/>\n<meta property=\"og:description\" content=\"Po\u00eale \u00e0 pellet design de la Gamme Air, extr\u00eamement compact poss\u00e9dant un rapport encombrement\/puissance redoutable.Silencieux et b\u00e9n\u00e9ficiant de la finition THERMOROSSI, il allie br\u00fbleur en fonte, fond de foyer en fonte et structure en acier de haute qualit\u00e9.Option t\u00e9l\u00e9commande Thermostart ou thermoconfort inclusePuissance de 2,8 \u00e0 6,7kWRendement :87,6 %r\u00e9serve : 14kg\" \/>\n<meta property=\"og:url\" content=\"https:\/\/welem.com\/enr\/produit\/mon-amour-metal-gris-anthracite-6-kw-pellet\/\" \/>\n<meta property=\"og:site_name\" content=\"WELEM\" \/>\n<meta property=\"article:publisher\" content=\"https:\/\/www.facebook.com\/WELEM-105304956191421\" \/>\n<meta property=\"article:modified_time\" content=\"2024-07-10T13:20:13+00:00\" \/>\n<meta property=\"og:image\" content=\"https:\/\/welem.com\/enr\/wp-content\/uploads\/ThrMonAmourGris.jpg\" \/>\n\t<meta property=\"og:image:width\" content=\"236\" \/>\n\t<meta property=\"og:image:height\" content=\"190\" \/>\n\t<meta property=\"og:image:type\" content=\"image\/jpeg\" \/>\n<meta name=\"twitter:card\" content=\"summary_large_image\" \/>\n<meta name=\"twitter:site\" content=\"@societewelem\" \/>\n<script type=\"application\/ld+json\" class=\"yoast-schema-graph\">{\"@context\":\"https:\\\/\\\/schema.org\",\"@graph\":[{\"@type\":\"WebPage\",\"@id\":\"https:\\\/\\\/welem.com\\\/enr\\\/produit\\\/mon-amour-metal-gris-anthracite-6-kw-pellet\\\/\",\"url\":\"https:\\\/\\\/welem.com\\\/enr\\\/produit\\\/mon-amour-metal-gris-anthracite-6-kw-pellet\\\/\",\"name\":\"MON AMOUR m\u00e9tal gris anthracite 6 kW (pellet) - WELEM\",\"isPartOf\":{\"@id\":\"https:\\\/\\\/welem.com\\\/enr\\\/#website\"},\"primaryImageOfPage\":{\"@id\":\"https:\\\/\\\/welem.com\\\/enr\\\/produit\\\/mon-amour-metal-gris-anthracite-6-kw-pellet\\\/#primaryimage\"},\"image\":{\"@id\":\"https:\\\/\\\/welem.com\\\/enr\\\/produit\\\/mon-amour-metal-gris-anthracite-6-kw-pellet\\\/#primaryimage\"},\"thumbnailUrl\":\"https:\\\/\\\/welem.com\\\/enr\\\/wp-content\\\/uploads\\\/ThrMonAmourGris.jpg\",\"datePublished\":\"2015-11-29T23:00:00+00:00\",\"dateModified\":\"2024-07-10T13:20:13+00:00\",\"breadcrumb\":{\"@id\":\"https:\\\/\\\/welem.com\\\/enr\\\/produit\\\/mon-amour-metal-gris-anthracite-6-kw-pellet\\\/#breadcrumb\"},\"inLanguage\":\"fr-FR\",\"potentialAction\":[{\"@type\":\"ReadAction\",\"target\":[\"https:\\\/\\\/welem.com\\\/enr\\\/produit\\\/mon-amour-metal-gris-anthracite-6-kw-pellet\\\/\"]}]},{\"@type\":\"ImageObject\",\"inLanguage\":\"fr-FR\",\"@id\":\"https:\\\/\\\/welem.com\\\/enr\\\/produit\\\/mon-amour-metal-gris-anthracite-6-kw-pellet\\\/#primaryimage\",\"url\":\"https:\\\/\\\/welem.com\\\/enr\\\/wp-content\\\/uploads\\\/ThrMonAmourGris.jpg\",\"contentUrl\":\"https:\\\/\\\/welem.com\\\/enr\\\/wp-content\\\/uploads\\\/ThrMonAmourGris.jpg\",\"width\":236,\"height\":190},{\"@type\":\"BreadcrumbList\",\"@id\":\"https:\\\/\\\/welem.com\\\/enr\\\/produit\\\/mon-amour-metal-gris-anthracite-6-kw-pellet\\\/#breadcrumb\",\"itemListElement\":[{\"@type\":\"ListItem\",\"position\":1,\"name\":\"Accueil\",\"item\":\"https:\\\/\\\/welem.com\\\/enr\\\/\"},{\"@type\":\"ListItem\",\"position\":2,\"name\":\"Boutique\",\"item\":\"https:\\\/\\\/welem.com\\\/enr\\\/shop\\\/\"},{\"@type\":\"ListItem\",\"position\":3,\"name\":\"MON AMOUR m\u00e9tal gris anthracite 6 kW (pellet)\"}]},{\"@type\":\"WebSite\",\"@id\":\"https:\\\/\\\/welem.com\\\/enr\\\/#website\",\"url\":\"https:\\\/\\\/welem.com\\\/enr\\\/\",\"name\":\"WELEM - L'\u00e9nergie autrement\",\"description\":\"La r\u00e9novation \u00e9nerg\u00e9tique globale\",\"publisher\":{\"@id\":\"https:\\\/\\\/welem.com\\\/enr\\\/#organization\"},\"potentialAction\":[{\"@type\":\"SearchAction\",\"target\":{\"@type\":\"EntryPoint\",\"urlTemplate\":\"https:\\\/\\\/welem.com\\\/enr\\\/?s={search_term_string}\"},\"query-input\":{\"@type\":\"PropertyValueSpecification\",\"valueRequired\":true,\"valueName\":\"search_term_string\"}}],\"inLanguage\":\"fr-FR\"},{\"@type\":\"Organization\",\"@id\":\"https:\\\/\\\/welem.com\\\/enr\\\/#organization\",\"name\":\"WELEM\",\"url\":\"https:\\\/\\\/welem.com\\\/enr\\\/\",\"logo\":{\"@type\":\"ImageObject\",\"inLanguage\":\"fr-FR\",\"@id\":\"https:\\\/\\\/welem.com\\\/enr\\\/#\\\/schema\\\/logo\\\/image\\\/\",\"url\":\"https:\\\/\\\/welem.com\\\/enr\\\/wp-content\\\/uploads\\\/logoWelemRetina.png\",\"contentUrl\":\"https:\\\/\\\/welem.com\\\/enr\\\/wp-content\\\/uploads\\\/logoWelemRetina.png\",\"width\":900,\"height\":311,\"caption\":\"WELEM\"},\"image\":{\"@id\":\"https:\\\/\\\/welem.com\\\/enr\\\/#\\\/schema\\\/logo\\\/image\\\/\"},\"sameAs\":[\"https:\\\/\\\/www.facebook.com\\\/WELEM-105304956191421\",\"https:\\\/\\\/x.com\\\/societewelem\",\"https:\\\/\\\/www.youtube.com\\\/channel\\\/UCx7WBxMNWO_SgykAVYK0xzQ\"]}]}<\/script>\n<!-- \/ Yoast SEO plugin. -->","yoast_head_json":{"title":"MON AMOUR m\u00e9tal gris anthracite 6 kW (pellet) - WELEM","robots":{"index":"index","follow":"follow","max-snippet":"max-snippet:-1","max-image-preview":"max-image-preview:large","max-video-preview":"max-video-preview:-1"},"canonical":"https:\/\/welem.com\/enr\/produit\/mon-amour-metal-gris-anthracite-6-kw-pellet\/","og_locale":"fr_FR","og_type":"article","og_title":"MON AMOUR m\u00e9tal gris anthracite 6 kW (pellet) - WELEM","og_description":"Po\u00eale \u00e0 pellet design de la Gamme Air, extr\u00eamement compact poss\u00e9dant un rapport encombrement\/puissance redoutable.Silencieux et b\u00e9n\u00e9ficiant de la finition THERMOROSSI, il allie br\u00fbleur en fonte, fond de foyer en fonte et structure en acier de haute qualit\u00e9.Option t\u00e9l\u00e9commande Thermostart ou thermoconfort inclusePuissance de 2,8 \u00e0 6,7kWRendement :87,6 %r\u00e9serve : 14kg","og_url":"https:\/\/welem.com\/enr\/produit\/mon-amour-metal-gris-anthracite-6-kw-pellet\/","og_site_name":"WELEM","article_publisher":"https:\/\/www.facebook.com\/WELEM-105304956191421","article_modified_time":"2024-07-10T13:20:13+00:00","og_image":[{"width":236,"height":190,"url":"https:\/\/welem.com\/enr\/wp-content\/uploads\/ThrMonAmourGris.jpg","type":"image\/jpeg"}],"twitter_card":"summary_large_image","twitter_site":"@societewelem","schema":{"@context":"https:\/\/schema.org","@graph":[{"@type":"WebPage","@id":"https:\/\/welem.com\/enr\/produit\/mon-amour-metal-gris-anthracite-6-kw-pellet\/","url":"https:\/\/welem.com\/enr\/produit\/mon-amour-metal-gris-anthracite-6-kw-pellet\/","name":"MON AMOUR m\u00e9tal gris anthracite 6 kW (pellet) - WELEM","isPartOf":{"@id":"https:\/\/welem.com\/enr\/#website"},"primaryImageOfPage":{"@id":"https:\/\/welem.com\/enr\/produit\/mon-amour-metal-gris-anthracite-6-kw-pellet\/#primaryimage"},"image":{"@id":"https:\/\/welem.com\/enr\/produit\/mon-amour-metal-gris-anthracite-6-kw-pellet\/#primaryimage"},"thumbnailUrl":"https:\/\/welem.com\/enr\/wp-content\/uploads\/ThrMonAmourGris.jpg","datePublished":"2015-11-29T23:00:00+00:00","dateModified":"2024-07-10T13:20:13+00:00","breadcrumb":{"@id":"https:\/\/welem.com\/enr\/produit\/mon-amour-metal-gris-anthracite-6-kw-pellet\/#breadcrumb"},"inLanguage":"fr-FR","potentialAction":[{"@type":"ReadAction","target":["https:\/\/welem.com\/enr\/produit\/mon-amour-metal-gris-anthracite-6-kw-pellet\/"]}]},{"@type":"ImageObject","inLanguage":"fr-FR","@id":"https:\/\/welem.com\/enr\/produit\/mon-amour-metal-gris-anthracite-6-kw-pellet\/#primaryimage","url":"https:\/\/welem.com\/enr\/wp-content\/uploads\/ThrMonAmourGris.jpg","contentUrl":"https:\/\/welem.com\/enr\/wp-content\/uploads\/ThrMonAmourGris.jpg","width":236,"height":190},{"@type":"BreadcrumbList","@id":"https:\/\/welem.com\/enr\/produit\/mon-amour-metal-gris-anthracite-6-kw-pellet\/#breadcrumb","itemListElement":[{"@type":"ListItem","position":1,"name":"Accueil","item":"https:\/\/welem.com\/enr\/"},{"@type":"ListItem","position":2,"name":"Boutique","item":"https:\/\/welem.com\/enr\/shop\/"},{"@type":"ListItem","position":3,"name":"MON AMOUR m\u00e9tal gris anthracite 6 kW (pellet)"}]},{"@type":"WebSite","@id":"https:\/\/welem.com\/enr\/#website","url":"https:\/\/welem.com\/enr\/","name":"WELEM - L'\u00e9nergie autrement","description":"La r\u00e9novation \u00e9nerg\u00e9tique globale","publisher":{"@id":"https:\/\/welem.com\/enr\/#organization"},"potentialAction":[{"@type":"SearchAction","target":{"@type":"EntryPoint","urlTemplate":"https:\/\/welem.com\/enr\/?s={search_term_string}"},"query-input":{"@type":"PropertyValueSpecification","valueRequired":true,"valueName":"search_term_string"}}],"inLanguage":"fr-FR"},{"@type":"Organization","@id":"https:\/\/welem.com\/enr\/#organization","name":"WELEM","url":"https:\/\/welem.com\/enr\/","logo":{"@type":"ImageObject","inLanguage":"fr-FR","@id":"https:\/\/welem.com\/enr\/#\/schema\/logo\/image\/","url":"https:\/\/welem.com\/enr\/wp-content\/uploads\/logoWelemRetina.png","contentUrl":"https:\/\/welem.com\/enr\/wp-content\/uploads\/logoWelemRetina.png","width":900,"height":311,"caption":"WELEM"},"image":{"@id":"https:\/\/welem.com\/enr\/#\/schema\/logo\/image\/"},"sameAs":["https:\/\/www.facebook.com\/WELEM-105304956191421","https:\/\/x.com\/societewelem","https:\/\/www.youtube.com\/channel\/UCx7WBxMNWO_SgykAVYK0xzQ"]}]}},"_links":{"self":[{"href":"https:\/\/welem.com\/enr\/wp-json\/wp\/v2\/product\/21564","targetHints":{"allow":["GET"]}}],"collection":[{"href":"https:\/\/welem.com\/enr\/wp-json\/wp\/v2\/product"}],"about":[{"href":"https:\/\/welem.com\/enr\/wp-json\/wp\/v2\/types\/product"}],"replies":[{"embeddable":true,"href":"https:\/\/welem.com\/enr\/wp-json\/wp\/v2\/comments?post=21564"}],"wp:featuredmedia":[{"embeddable":true,"href":"https:\/\/welem.com\/enr\/wp-json\/wp\/v2\/media\/72164"}],"wp:attachment":[{"href":"https:\/\/welem.com\/enr\/wp-json\/wp\/v2\/media?parent=21564"}],"wp:term":[{"taxonomy":"product_brand","embeddable":true,"href":"https:\/\/welem.com\/enr\/wp-json\/wp\/v2\/product_brand?post=21564"},{"taxonomy":"product_cat","embeddable":true,"href":"https:\/\/welem.com\/enr\/wp-json\/wp\/v2\/product_cat?post=21564"},{"taxonomy":"product_tag","embeddable":true,"href":"https:\/\/welem.com\/enr\/wp-json\/wp\/v2\/product_tag?post=21564"}],"curies":[{"name":"wp","href":"https:\/\/api.w.org\/{rel}","templated":true}]}}